{"id":266680,"date":"2023-01-04T13:28:26","date_gmt":"2023-01-04T11:28:26","guid":{"rendered":"https:\/\/nueva.gaspachitos.com\/producto\/almohada-bebe-temprakon\/"},"modified":"2023-01-04T13:28:26","modified_gmt":"2023-01-04T11:28:26","slug":"almohada-bebe-temprakon","status":"publish","type":"product","link":"https:\/\/gaspachitos.com\/eu\/producto\/almohada-bebe-temprakon\/","title":{"rendered":"ALMOHADA BEB\u00c9 TEMPRAKON"},"content":{"rendered":"<p>La\u00a0<strong>Almohada Beb\u00e9<\/strong>\u00a0Temprakon-Active es s\u00faper confortable, esponjosa, y est\u00e1 especialmente dise\u00f1ada para cuidar la delicada cabecita de tu beb\u00e9.<\/p>\n<p>Pues s\u00ed; adem\u00e1s de su excelente confort, esta almohada de cuna cuidar\u00e1 de tu beb\u00e9 gracias a su especial tejido termorregulador. La almohada para beb\u00e9 Temprakon-Active es capaz de regular la temperatura, eliminar el sudor de tu beb\u00e9 y todo el exceso de humedad. Todo un lujo para los peque\u00f1os reyes y reinas de la casa.<\/p>\n<p>La Almohada Beb\u00e9 Temprakon-Active est\u00e1 recomendada para beb\u00e9s hasta 2 a\u00f1os de edad. Est\u00e1 rellena de un plum\u00f3n de primera calidad, esponjoso y tan suave como la piel de un beb\u00e9. Por su escasa altura no eleva la cabeza ni modifica la posici\u00f3n natural de su descanso; su altura es inferior a 1cm. La funci\u00f3n principal de esta almohada para beb\u00e9 tan especial es: ofrecer confort y protecci\u00f3n extra para tu beb\u00e9, proporcionar la temperatura id\u00f3nea para su descanso y ayudar a eliminar el exceso de humedad.<\/p>\n<p>La\u00a0<span>Almohada Beb\u00e9 Temprakon-Active<\/span>\u00a0es totalmente hipo-alerg\u00e9nica y apta para beb\u00e9s con problemas de alergias, dermatitis o incluso asma.<\/p>\n","protected":false},"excerpt":{"rendered":"<h1>ALMOHADA BEB\u00c9 TEMPRAKON active temperature control<\/h1>\n","protected":false},"featured_media":252003,"comment_status":"open","ping_status":"closed","template":"","meta":{"_et_pb_use_builder":"","_et_pb_old_content":"","_et_gb_content_width":""},"pwb-brand":[],"product_brand":[],"product_cat":[6553,5878,5770],"product_tag":[],"class_list":{"0":"post-266680","1":"product","2":"type-product","3":"status-publish","4":"has-post-thumbnail","6":"product_cat-almohadas-y-cojines-antivuelco-eu","7":"product_cat-ofertas-eu","8":"product_cat-outlet-eu","10":"first","11":"instock","12":"taxable","13":"shipping-taxable","14":"purchasable","15":"product-type-simple"},"yoast_head":"<!-- This site is optimized with the Yoast SEO plugin v27.4 - https:\/\/yoast.com\/product\/yoast-seo-wordpress\/ -->\n<title>temprakon<\/title>\n<meta name=\"description\" content=\"temprakon almohada\" \/>\n<meta name=\"robots\" content=\"index, follow, max-snippet:-1, max-image-preview:large, max-video-preview:-1\" \/>\n<link rel=\"canonical\" href=\"https:\/\/gaspachitos.com\/eu\/producto\/almohada-bebe-temprakon\/\" \/>\n<meta property=\"og:locale\" content=\"eu_ES\" \/>\n<meta property=\"og:type\" content=\"article\" \/>\n<meta property=\"og:title\" content=\"temprakon\" \/>\n<meta property=\"og:description\" content=\"temprakon almohada\" \/>\n<meta property=\"og:url\" content=\"https:\/\/gaspachitos.com\/eu\/producto\/almohada-bebe-temprakon\/\" \/>\n<meta property=\"og:site_name\" content=\"Gaspachitos\" \/>\n<meta property=\"og:image\" content=\"https:\/\/gaspachitos.com\/wp-content\/uploads\/2023\/01\/11732-thickbox_default-ALMOHADA-BEBE-TEMPRAKON.jpg\" \/>\n\t<meta property=\"og:image:width\" content=\"800\" \/>\n\t<meta property=\"og:image:height\" content=\"800\" \/>\n\t<meta property=\"og:image:type\" content=\"image\/jpeg\" \/>\n<meta name=\"twitter:card\" content=\"summary_large_image\" \/>\n<meta name=\"twitter:label1\" content=\"Est. reading time\" \/>\n\t<meta name=\"twitter:data1\" content=\"1 minute\" \/>\n<script type=\"application\/ld+json\" class=\"yoast-schema-graph\">{\"@context\":\"https:\\\/\\\/schema.org\",\"@graph\":[{\"@type\":\"WebPage\",\"@id\":\"https:\\\/\\\/gaspachitos.com\\\/eu\\\/producto\\\/almohada-bebe-temprakon\\\/\",\"url\":\"https:\\\/\\\/gaspachitos.com\\\/eu\\\/producto\\\/almohada-bebe-temprakon\\\/\",\"name\":\"temprakon\",\"isPartOf\":{\"@id\":\"https:\\\/\\\/gaspachitos.com\\\/#website\"},\"primaryImageOfPage\":{\"@id\":\"https:\\\/\\\/gaspachitos.com\\\/eu\\\/producto\\\/almohada-bebe-temprakon\\\/#primaryimage\"},\"image\":{\"@id\":\"https:\\\/\\\/gaspachitos.com\\\/eu\\\/producto\\\/almohada-bebe-temprakon\\\/#primaryimage\"},\"thumbnailUrl\":\"https:\\\/\\\/gaspachitos.com\\\/wp-content\\\/uploads\\\/2023\\\/01\\\/11732-thickbox_default-ALMOHADA-BEBE-TEMPRAKON.jpg\",\"datePublished\":\"2023-01-04T11:28:26+00:00\",\"description\":\"temprakon almohada\",\"breadcrumb\":{\"@id\":\"https:\\\/\\\/gaspachitos.com\\\/eu\\\/producto\\\/almohada-bebe-temprakon\\\/#breadcrumb\"},\"inLanguage\":\"eu-ES\",\"potentialAction\":[{\"@type\":\"ReadAction\",\"target\":[\"https:\\\/\\\/gaspachitos.com\\\/eu\\\/producto\\\/almohada-bebe-temprakon\\\/\"]}]},{\"@type\":\"ImageObject\",\"inLanguage\":\"eu-ES\",\"@id\":\"https:\\\/\\\/gaspachitos.com\\\/eu\\\/producto\\\/almohada-bebe-temprakon\\\/#primaryimage\",\"url\":\"https:\\\/\\\/gaspachitos.com\\\/wp-content\\\/uploads\\\/2023\\\/01\\\/11732-thickbox_default-ALMOHADA-BEBE-TEMPRAKON.jpg\",\"contentUrl\":\"https:\\\/\\\/gaspachitos.com\\\/wp-content\\\/uploads\\\/2023\\\/01\\\/11732-thickbox_default-ALMOHADA-BEBE-TEMPRAKON.jpg\",\"width\":800,\"height\":800},{\"@type\":\"BreadcrumbList\",\"@id\":\"https:\\\/\\\/gaspachitos.com\\\/eu\\\/producto\\\/almohada-bebe-temprakon\\\/#breadcrumb\",\"itemListElement\":[{\"@type\":\"ListItem\",\"position\":1,\"name\":\"Portada\",\"item\":\"https:\\\/\\\/gaspachitos.com\\\/\"},{\"@type\":\"ListItem\",\"position\":2,\"name\":\"Produtos\",\"item\":\"https:\\\/\\\/gaspachitos.com\\\/gl\\\/shop\\\/\"},{\"@type\":\"ListItem\",\"position\":3,\"name\":\"ALMOHADA BEB\u00c9 TEMPRAKON\"}]},{\"@type\":\"WebSite\",\"@id\":\"https:\\\/\\\/gaspachitos.com\\\/#website\",\"url\":\"https:\\\/\\\/gaspachitos.com\\\/\",\"name\":\"Gaspachitos\",\"description\":\"La tienda para tu beb\u00e9: cochecitos, sillas de paseo, cunas...\",\"potentialAction\":[{\"@type\":\"SearchAction\",\"target\":{\"@type\":\"EntryPoint\",\"urlTemplate\":\"https:\\\/\\\/gaspachitos.com\\\/?s={search_term_string}\"},\"query-input\":{\"@type\":\"PropertyValueSpecification\",\"valueRequired\":true,\"valueName\":\"search_term_string\"}}],\"inLanguage\":\"eu-ES\"}]}<\/script>\n<!-- \/ Yoast SEO plugin. -->","yoast_head_json":{"title":"temprakon","description":"temprakon almohada","robots":{"index":"index","follow":"follow","max-snippet":"max-snippet:-1","max-image-preview":"max-image-preview:large","max-video-preview":"max-video-preview:-1"},"canonical":"https:\/\/gaspachitos.com\/eu\/producto\/almohada-bebe-temprakon\/","og_locale":"eu_ES","og_type":"article","og_title":"temprakon","og_description":"temprakon almohada","og_url":"https:\/\/gaspachitos.com\/eu\/producto\/almohada-bebe-temprakon\/","og_site_name":"Gaspachitos","og_image":[{"width":800,"height":800,"url":"https:\/\/gaspachitos.com\/wp-content\/uploads\/2023\/01\/11732-thickbox_default-ALMOHADA-BEBE-TEMPRAKON.jpg","type":"image\/jpeg"}],"twitter_card":"summary_large_image","twitter_misc":{"Est. reading time":"1 minute"},"schema":{"@context":"https:\/\/schema.org","@graph":[{"@type":"WebPage","@id":"https:\/\/gaspachitos.com\/eu\/producto\/almohada-bebe-temprakon\/","url":"https:\/\/gaspachitos.com\/eu\/producto\/almohada-bebe-temprakon\/","name":"temprakon","isPartOf":{"@id":"https:\/\/gaspachitos.com\/#website"},"primaryImageOfPage":{"@id":"https:\/\/gaspachitos.com\/eu\/producto\/almohada-bebe-temprakon\/#primaryimage"},"image":{"@id":"https:\/\/gaspachitos.com\/eu\/producto\/almohada-bebe-temprakon\/#primaryimage"},"thumbnailUrl":"https:\/\/gaspachitos.com\/wp-content\/uploads\/2023\/01\/11732-thickbox_default-ALMOHADA-BEBE-TEMPRAKON.jpg","datePublished":"2023-01-04T11:28:26+00:00","description":"temprakon almohada","breadcrumb":{"@id":"https:\/\/gaspachitos.com\/eu\/producto\/almohada-bebe-temprakon\/#breadcrumb"},"inLanguage":"eu-ES","potentialAction":[{"@type":"ReadAction","target":["https:\/\/gaspachitos.com\/eu\/producto\/almohada-bebe-temprakon\/"]}]},{"@type":"ImageObject","inLanguage":"eu-ES","@id":"https:\/\/gaspachitos.com\/eu\/producto\/almohada-bebe-temprakon\/#primaryimage","url":"https:\/\/gaspachitos.com\/wp-content\/uploads\/2023\/01\/11732-thickbox_default-ALMOHADA-BEBE-TEMPRAKON.jpg","contentUrl":"https:\/\/gaspachitos.com\/wp-content\/uploads\/2023\/01\/11732-thickbox_default-ALMOHADA-BEBE-TEMPRAKON.jpg","width":800,"height":800},{"@type":"BreadcrumbList","@id":"https:\/\/gaspachitos.com\/eu\/producto\/almohada-bebe-temprakon\/#breadcrumb","itemListElement":[{"@type":"ListItem","position":1,"name":"Portada","item":"https:\/\/gaspachitos.com\/"},{"@type":"ListItem","position":2,"name":"Produtos","item":"https:\/\/gaspachitos.com\/gl\/shop\/"},{"@type":"ListItem","position":3,"name":"ALMOHADA BEB\u00c9 TEMPRAKON"}]},{"@type":"WebSite","@id":"https:\/\/gaspachitos.com\/#website","url":"https:\/\/gaspachitos.com\/","name":"Gaspachitos","description":"La tienda para tu beb\u00e9: cochecitos, sillas de paseo, cunas...","potentialAction":[{"@type":"SearchAction","target":{"@type":"EntryPoint","urlTemplate":"https:\/\/gaspachitos.com\/?s={search_term_string}"},"query-input":{"@type":"PropertyValueSpecification","valueRequired":true,"valueName":"search_term_string"}}],"inLanguage":"eu-ES"}]}},"brands":[],"_links":{"self":[{"href":"https:\/\/gaspachitos.com\/eu\/wp-json\/wp\/v2\/product\/266680","targetHints":{"allow":["GET"]}}],"collection":[{"href":"https:\/\/gaspachitos.com\/eu\/wp-json\/wp\/v2\/product"}],"about":[{"href":"https:\/\/gaspachitos.com\/eu\/wp-json\/wp\/v2\/types\/product"}],"replies":[{"embeddable":true,"href":"https:\/\/gaspachitos.com\/eu\/wp-json\/wp\/v2\/comments?post=266680"}],"wp:featuredmedia":[{"embeddable":true,"href":"https:\/\/gaspachitos.com\/eu\/wp-json\/wp\/v2\/media\/252003"}],"wp:attachment":[{"href":"https:\/\/gaspachitos.com\/eu\/wp-json\/wp\/v2\/media?parent=266680"}],"wp:term":[{"taxonomy":"pwb-brand","embeddable":true,"href":"https:\/\/gaspachitos.com\/eu\/wp-json\/wp\/v2\/pwb-brand?post=266680"},{"taxonomy":"product_brand","embeddable":true,"href":"https:\/\/gaspachitos.com\/eu\/wp-json\/wp\/v2\/product_brand?post=266680"},{"taxonomy":"product_cat","embeddable":true,"href":"https:\/\/gaspachitos.com\/eu\/wp-json\/wp\/v2\/product_cat?post=266680"},{"taxonomy":"product_tag","embeddable":true,"href":"https:\/\/gaspachitos.com\/eu\/wp-json\/wp\/v2\/product_tag?post=266680"}],"curies":[{"name":"wp","href":"https:\/\/api.w.org\/{rel}","templated":true}]}}

ALMOHADA BEBÉ TEMPRAKON

<p>La <strong>Almohada Bebé</strong> Temprakon-Active es súper confortable, esponjosa, y está especialmente diseñada para cuidar la delicada cabecita de tu bebé.</p>
<p>Pues sí; además de su excelente confort, esta almohada de cuna cuidará de tu bebé gracias a su especial tejido termorregulador. La almohada para bebé Temprakon-Active es capaz de regular la temperatura, eliminar el sudor de tu bebé y todo el exceso de humedad. Todo un lujo para los pequeños reyes y reinas de la casa.</p>
<p>La Almohada Bebé Temprakon-Active está recomendada para bebés hasta 2 años de edad. Está rellena de un plumón de primera calidad, esponjoso y tan suave como la piel de un bebé. Por su escasa altura no eleva la cabeza ni modifica la posición natural de su descanso; su altura es inferior a 1cm. La función principal de esta almohada para bebé tan especial es: ofrecer confort y protección extra para tu bebé, proporcionar la temperatura idónea para su descanso y ayudar a eliminar el exceso de humedad.</p>
<p>La <span>Almohada Bebé Temprakon-Active</span> es totalmente hipo-alergénica y apta para bebés con problemas de alergias, dermatitis o incluso asma.</p>

<h1>ALMOHADA BEBÉ TEMPRAKON active temperature control</h1>

<!-- This site is optimized with the Yoast SEO plugin v27.4 - https://yoast.com/product/yoast-seo-wordpress/ -->
<title>temprakon</title>
<meta name="description" content="temprakon almohada" />
<meta name="robots" content="index, follow, max-snippet:-1, max-image-preview:large, max-video-preview:-1" />
<link rel="canonical" href="https://gaspachitos.com/eu/producto/almohada-bebe-temprakon/" />
<meta property="og:locale" content="eu_ES" />
<meta property="og:type" content="article" />
<meta property="og:title" content="temprakon" />
<meta property="og:description" content="temprakon almohada" />
<meta property="og:url" content="https://gaspachitos.com/eu/producto/almohada-bebe-temprakon/" />
<meta property="og:site_name" content="Gaspachitos" />
<meta property="og:image" content="https://gaspachitos.com/wp-content/uploads/2023/01/11732-thickbox_default-ALMOHADA-BEBE-TEMPRAKON.jpg" />
	<meta property="og:image:width" content="800" />
	<meta property="og:image:height" content="800" />
	<meta property="og:image:type" content="image/jpeg" />
<meta name="twitter:card" content="summary_large_image" />
<meta name="twitter:label1" content="Est. reading time" />
	<meta name="twitter:data1" content="1 minute" />
<script type="application/ld+json" class="yoast-schema-graph">{"@context":"https:\/\/schema.org","@graph":[{"@type":"WebPage","@id":"https:\/\/gaspachitos.com\/eu\/producto\/almohada-bebe-temprakon\/","url":"https:\/\/gaspachitos.com\/eu\/producto\/almohada-bebe-temprakon\/","name":"temprakon","isPartOf":{"@id":"https:\/\/gaspachitos.com\/#website"},"primaryImageOfPage":{"@id":"https:\/\/gaspachitos.com\/eu\/producto\/almohada-bebe-temprakon\/#primaryimage"},"image":{"@id":"https:\/\/gaspachitos.com\/eu\/producto\/almohada-bebe-temprakon\/#primaryimage"},"thumbnailUrl":"https:\/\/gaspachitos.com\/wp-content\/uploads\/2023\/01\/11732-thickbox_default-ALMOHADA-BEBE-TEMPRAKON.jpg","datePublished":"2023-01-04T11:28:26+00:00","description":"temprakon almohada","breadcrumb":{"@id":"https:\/\/gaspachitos.com\/eu\/producto\/almohada-bebe-temprakon\/#breadcrumb"},"inLanguage":"eu-ES","potentialAction":[{"@type":"ReadAction","target":["https:\/\/gaspachitos.com\/eu\/producto\/almohada-bebe-temprakon\/"]}]},{"@type":"ImageObject","inLanguage":"eu-ES","@id":"https:\/\/gaspachitos.com\/eu\/producto\/almohada-bebe-temprakon\/#primaryimage","url":"https:\/\/gaspachitos.com\/wp-content\/uploads\/2023\/01\/11732-thickbox_default-ALMOHADA-BEBE-TEMPRAKON.jpg","contentUrl":"https:\/\/gaspachitos.com\/wp-content\/uploads\/2023\/01\/11732-thickbox_default-ALMOHADA-BEBE-TEMPRAKON.jpg","width":800,"height":800},{"@type":"BreadcrumbList","@id":"https:\/\/gaspachitos.com\/eu\/producto\/almohada-bebe-temprakon\/#breadcrumb","itemListElement":[{"@type":"ListItem","position":1,"name":"Portada","item":"https:\/\/gaspachitos.com\/"},{"@type":"ListItem","position":2,"name":"Produtos","item":"https:\/\/gaspachitos.com\/gl\/shop\/"},{"@type":"ListItem","position":3,"name":"ALMOHADA BEBÉ TEMPRAKON"}]},{"@type":"WebSite","@id":"https:\/\/gaspachitos.com\/#website","url":"https:\/\/gaspachitos.com\/","name":"Gaspachitos","description":"La tienda para tu bebé: cochecitos, sillas de paseo, cunas...","potentialAction":[{"@type":"SearchAction","target":{"@type":"EntryPoint","urlTemplate":"https:\/\/gaspachitos.com\/?s={search_term_string}"},"query-input":{"@type":"PropertyValueSpecification","valueRequired":true,"valueName":"search_term_string"}}],"inLanguage":"eu-ES"}]}</script>
<!-- / Yoast SEO plugin. -->

La tienda para tu bebé: cochecitos, sillas de paseo, cunas...
