{"id":263539,"date":"2022-11-17T13:02:01","date_gmt":"2022-11-17T11:02:01","guid":{"rendered":"https:\/\/nueva.gaspachitos.com\/producto\/el-movil-de-cuna-clasico-se-suma-al-diseno-de-into-the-forest-un-nuevo-giro-evolutivo\/"},"modified":"2022-11-17T13:02:01","modified_gmt":"2022-11-17T11:02:01","slug":"el-movil-de-cuna-clasico-se-suma-al-diseno-de-into-the-forest-un-nuevo-giro-evolutivo","status":"publish","type":"product","link":"https:\/\/gaspachitos.com\/eu\/producto\/el-movil-de-cuna-clasico-se-suma-al-diseno-de-into-the-forest-un-nuevo-giro-evolutivo\/","title":{"rendered":"El m\u00f3vil de cuna cl\u00e1sico se suma al dise\u00f1o de Into the Forest\u2122. !Un nuevo giro evolutivo!"},"content":{"rendered":"<ul>\n<li>Un m\u00f3vil de dise\u00f1o exclusivo con espirales blancas y negras que estimulan el desarrollo visual del beb\u00e9.<\/li>\n<li class=\"toggle\">20 minutos de m\u00fasica cl\u00e1sica continua que ayuda al beb\u00e9 a relajarse a la hora de dormir y favorece el desarrollo de la inteligencia emocional.<\/li>\n<li class=\"toggle\">El m\u00f3vil evoluciona con su beb\u00e9. Cuando el beb\u00e9 crece se puede quitar y usar como una caja de m\u00fasica independiente.<\/li>\n<li class=\"toggle\">La luz nocturna del m\u00f3vil har\u00e1 que el beb\u00e9 se relaje y entre feliz en el pa\u00eds de los sue\u00f1os.<\/li>\n<li class=\"toggle\">El bot\u00f3n de control activado por el beb\u00e9 fomenta su independencia y le motiva a explorar.<\/li>\n<li class=\"toggle\">\u00a1Parte de la colecci\u00f3n Into the Forest\u2122! Compartiendo esos Moments of Wonder\u2122 especiales con el beb\u00e9<\/li>\n<\/ul>\n","protected":false},"excerpt":{"rendered":"<p><span>El m\u00f3vil de cuna cl\u00e1sico se suma al dise\u00f1o de Into the Forest\u2122. !Un nuevo giro evolutivo!<\/span><\/p>\n","protected":false},"featured_media":278005,"comment_status":"open","ping_status":"closed","template":"","meta":{"_et_pb_use_builder":"","_et_pb_old_content":"","_et_gb_content_width":""},"pwb-brand":[],"product_brand":[],"product_cat":[5851,6526],"product_tag":[],"class_list":{"0":"post-263539","1":"product","2":"type-product","3":"status-publish","4":"has-post-thumbnail","6":"product_cat-juguetes-eu","7":"product_cat-moviles-de-cuna-eu","9":"first","10":"instock","11":"taxable","12":"shipping-taxable","13":"purchasable","14":"product-type-simple"},"yoast_head":"<!-- This site is optimized with the Yoast SEO plugin v27.4 - https:\/\/yoast.com\/product\/yoast-seo-wordpress\/ -->\n<title>El m\u00f3vil de cuna cl\u00e1sico se suma al dise\u00f1o de Into the Forest\u2122. !Un nuevo giro evolutivo! - Gaspachitos<\/title>\n<meta name=\"robots\" content=\"index, follow, max-snippet:-1, max-image-preview:large, max-video-preview:-1\" \/>\n<link rel=\"canonical\" href=\"https:\/\/gaspachitos.com\/producto\/el-movil-de-cuna-clasico-se-suma-al-diseno-de-into-the-forest-un-nuevo-giro-evolutivo\/\" \/>\n<meta property=\"og:locale\" content=\"eu_ES\" \/>\n<meta property=\"og:type\" content=\"article\" \/>\n<meta property=\"og:title\" content=\"El m\u00f3vil de cuna cl\u00e1sico se suma al dise\u00f1o de Into the Forest\u2122. !Un nuevo giro evolutivo! - Gaspachitos\" \/>\n<meta property=\"og:description\" content=\"El m\u00f3vil de cuna cl\u00e1sico se suma al dise\u00f1o de Into the Forest\u2122. !Un nuevo giro evolutivo!\" \/>\n<meta property=\"og:url\" content=\"https:\/\/gaspachitos.com\/producto\/el-movil-de-cuna-clasico-se-suma-al-diseno-de-into-the-forest-un-nuevo-giro-evolutivo\/\" \/>\n<meta property=\"og:site_name\" content=\"Gaspachitos\" \/>\n<meta property=\"og:image\" content=\"https:\/\/gaspachitos.com\/wp-content\/uploads\/2022\/11\/10887-thickbox_default-El-movil-de-cuna-clasico-se-suma-al-diseno-de-Into-the-Forest\u2122.-Un-nuevo-giro-evolutivo.jpg\" \/>\n\t<meta property=\"og:image:width\" content=\"800\" \/>\n\t<meta property=\"og:image:height\" content=\"800\" \/>\n\t<meta property=\"og:image:type\" content=\"image\/jpeg\" \/>\n<meta name=\"twitter:card\" content=\"summary_large_image\" \/>\n<meta name=\"twitter:label1\" content=\"Est. reading time\" \/>\n\t<meta name=\"twitter:data1\" content=\"1 minute\" \/>\n<script type=\"application\/ld+json\" class=\"yoast-schema-graph\">{\"@context\":\"https:\\\/\\\/schema.org\",\"@graph\":[{\"@type\":\"WebPage\",\"@id\":\"https:\\\/\\\/gaspachitos.com\\\/producto\\\/el-movil-de-cuna-clasico-se-suma-al-diseno-de-into-the-forest-un-nuevo-giro-evolutivo\\\/\",\"url\":\"https:\\\/\\\/gaspachitos.com\\\/producto\\\/el-movil-de-cuna-clasico-se-suma-al-diseno-de-into-the-forest-un-nuevo-giro-evolutivo\\\/\",\"name\":\"El m\u00f3vil de cuna cl\u00e1sico se suma al dise\u00f1o de Into the Forest\u2122. !Un nuevo giro evolutivo! - Gaspachitos\",\"isPartOf\":{\"@id\":\"https:\\\/\\\/gaspachitos.com\\\/#website\"},\"primaryImageOfPage\":{\"@id\":\"https:\\\/\\\/gaspachitos.com\\\/producto\\\/el-movil-de-cuna-clasico-se-suma-al-diseno-de-into-the-forest-un-nuevo-giro-evolutivo\\\/#primaryimage\"},\"image\":{\"@id\":\"https:\\\/\\\/gaspachitos.com\\\/producto\\\/el-movil-de-cuna-clasico-se-suma-al-diseno-de-into-the-forest-un-nuevo-giro-evolutivo\\\/#primaryimage\"},\"thumbnailUrl\":\"https:\\\/\\\/gaspachitos.com\\\/wp-content\\\/uploads\\\/2022\\\/11\\\/carrusel-into-the-forest.jpg\",\"datePublished\":\"2022-11-17T11:02:01+00:00\",\"breadcrumb\":{\"@id\":\"https:\\\/\\\/gaspachitos.com\\\/producto\\\/el-movil-de-cuna-clasico-se-suma-al-diseno-de-into-the-forest-un-nuevo-giro-evolutivo\\\/#breadcrumb\"},\"inLanguage\":\"eu-ES\",\"potentialAction\":[{\"@type\":\"ReadAction\",\"target\":[\"https:\\\/\\\/gaspachitos.com\\\/producto\\\/el-movil-de-cuna-clasico-se-suma-al-diseno-de-into-the-forest-un-nuevo-giro-evolutivo\\\/\"]}]},{\"@type\":\"ImageObject\",\"inLanguage\":\"eu-ES\",\"@id\":\"https:\\\/\\\/gaspachitos.com\\\/producto\\\/el-movil-de-cuna-clasico-se-suma-al-diseno-de-into-the-forest-un-nuevo-giro-evolutivo\\\/#primaryimage\",\"url\":\"https:\\\/\\\/gaspachitos.com\\\/wp-content\\\/uploads\\\/2022\\\/11\\\/carrusel-into-the-forest.jpg\",\"contentUrl\":\"https:\\\/\\\/gaspachitos.com\\\/wp-content\\\/uploads\\\/2022\\\/11\\\/carrusel-into-the-forest.jpg\",\"width\":640,\"height\":640},{\"@type\":\"BreadcrumbList\",\"@id\":\"https:\\\/\\\/gaspachitos.com\\\/producto\\\/el-movil-de-cuna-clasico-se-suma-al-diseno-de-into-the-forest-un-nuevo-giro-evolutivo\\\/#breadcrumb\",\"itemListElement\":[{\"@type\":\"ListItem\",\"position\":1,\"name\":\"Portada\",\"item\":\"https:\\\/\\\/gaspachitos.com\\\/\"},{\"@type\":\"ListItem\",\"position\":2,\"name\":\"Produtos\",\"item\":\"https:\\\/\\\/gaspachitos.com\\\/gl\\\/shop\\\/\"},{\"@type\":\"ListItem\",\"position\":3,\"name\":\"El m\u00f3vil de cuna cl\u00e1sico se suma al dise\u00f1o de Into the Forest\u2122. !Un nuevo giro evolutivo!\"}]},{\"@type\":\"WebSite\",\"@id\":\"https:\\\/\\\/gaspachitos.com\\\/#website\",\"url\":\"https:\\\/\\\/gaspachitos.com\\\/\",\"name\":\"Gaspachitos\",\"description\":\"La tienda para tu beb\u00e9: cochecitos, sillas de paseo, cunas...\",\"potentialAction\":[{\"@type\":\"SearchAction\",\"target\":{\"@type\":\"EntryPoint\",\"urlTemplate\":\"https:\\\/\\\/gaspachitos.com\\\/?s={search_term_string}\"},\"query-input\":{\"@type\":\"PropertyValueSpecification\",\"valueRequired\":true,\"valueName\":\"search_term_string\"}}],\"inLanguage\":\"eu-ES\"}]}<\/script>\n<!-- \/ Yoast SEO plugin. -->","yoast_head_json":{"title":"El m\u00f3vil de cuna cl\u00e1sico se suma al dise\u00f1o de Into the Forest\u2122. !Un nuevo giro evolutivo! - Gaspachitos","robots":{"index":"index","follow":"follow","max-snippet":"max-snippet:-1","max-image-preview":"max-image-preview:large","max-video-preview":"max-video-preview:-1"},"canonical":"https:\/\/gaspachitos.com\/producto\/el-movil-de-cuna-clasico-se-suma-al-diseno-de-into-the-forest-un-nuevo-giro-evolutivo\/","og_locale":"eu_ES","og_type":"article","og_title":"El m\u00f3vil de cuna cl\u00e1sico se suma al dise\u00f1o de Into the Forest\u2122. !Un nuevo giro evolutivo! - Gaspachitos","og_description":"El m\u00f3vil de cuna cl\u00e1sico se suma al dise\u00f1o de Into the Forest\u2122. !Un nuevo giro evolutivo!","og_url":"https:\/\/gaspachitos.com\/producto\/el-movil-de-cuna-clasico-se-suma-al-diseno-de-into-the-forest-un-nuevo-giro-evolutivo\/","og_site_name":"Gaspachitos","og_image":[{"width":800,"height":800,"url":"https:\/\/gaspachitos.com\/wp-content\/uploads\/2022\/11\/10887-thickbox_default-El-movil-de-cuna-clasico-se-suma-al-diseno-de-Into-the-Forest\u2122.-Un-nuevo-giro-evolutivo.jpg","type":"image\/jpeg"}],"twitter_card":"summary_large_image","twitter_misc":{"Est. reading time":"1 minute"},"schema":{"@context":"https:\/\/schema.org","@graph":[{"@type":"WebPage","@id":"https:\/\/gaspachitos.com\/producto\/el-movil-de-cuna-clasico-se-suma-al-diseno-de-into-the-forest-un-nuevo-giro-evolutivo\/","url":"https:\/\/gaspachitos.com\/producto\/el-movil-de-cuna-clasico-se-suma-al-diseno-de-into-the-forest-un-nuevo-giro-evolutivo\/","name":"El m\u00f3vil de cuna cl\u00e1sico se suma al dise\u00f1o de Into the Forest\u2122. !Un nuevo giro evolutivo! - Gaspachitos","isPartOf":{"@id":"https:\/\/gaspachitos.com\/#website"},"primaryImageOfPage":{"@id":"https:\/\/gaspachitos.com\/producto\/el-movil-de-cuna-clasico-se-suma-al-diseno-de-into-the-forest-un-nuevo-giro-evolutivo\/#primaryimage"},"image":{"@id":"https:\/\/gaspachitos.com\/producto\/el-movil-de-cuna-clasico-se-suma-al-diseno-de-into-the-forest-un-nuevo-giro-evolutivo\/#primaryimage"},"thumbnailUrl":"https:\/\/gaspachitos.com\/wp-content\/uploads\/2022\/11\/carrusel-into-the-forest.jpg","datePublished":"2022-11-17T11:02:01+00:00","breadcrumb":{"@id":"https:\/\/gaspachitos.com\/producto\/el-movil-de-cuna-clasico-se-suma-al-diseno-de-into-the-forest-un-nuevo-giro-evolutivo\/#breadcrumb"},"inLanguage":"eu-ES","potentialAction":[{"@type":"ReadAction","target":["https:\/\/gaspachitos.com\/producto\/el-movil-de-cuna-clasico-se-suma-al-diseno-de-into-the-forest-un-nuevo-giro-evolutivo\/"]}]},{"@type":"ImageObject","inLanguage":"eu-ES","@id":"https:\/\/gaspachitos.com\/producto\/el-movil-de-cuna-clasico-se-suma-al-diseno-de-into-the-forest-un-nuevo-giro-evolutivo\/#primaryimage","url":"https:\/\/gaspachitos.com\/wp-content\/uploads\/2022\/11\/carrusel-into-the-forest.jpg","contentUrl":"https:\/\/gaspachitos.com\/wp-content\/uploads\/2022\/11\/carrusel-into-the-forest.jpg","width":640,"height":640},{"@type":"BreadcrumbList","@id":"https:\/\/gaspachitos.com\/producto\/el-movil-de-cuna-clasico-se-suma-al-diseno-de-into-the-forest-un-nuevo-giro-evolutivo\/#breadcrumb","itemListElement":[{"@type":"ListItem","position":1,"name":"Portada","item":"https:\/\/gaspachitos.com\/"},{"@type":"ListItem","position":2,"name":"Produtos","item":"https:\/\/gaspachitos.com\/gl\/shop\/"},{"@type":"ListItem","position":3,"name":"El m\u00f3vil de cuna cl\u00e1sico se suma al dise\u00f1o de Into the Forest\u2122. !Un nuevo giro evolutivo!"}]},{"@type":"WebSite","@id":"https:\/\/gaspachitos.com\/#website","url":"https:\/\/gaspachitos.com\/","name":"Gaspachitos","description":"La tienda para tu beb\u00e9: cochecitos, sillas de paseo, cunas...","potentialAction":[{"@type":"SearchAction","target":{"@type":"EntryPoint","urlTemplate":"https:\/\/gaspachitos.com\/?s={search_term_string}"},"query-input":{"@type":"PropertyValueSpecification","valueRequired":true,"valueName":"search_term_string"}}],"inLanguage":"eu-ES"}]}},"brands":[],"_links":{"self":[{"href":"https:\/\/gaspachitos.com\/eu\/wp-json\/wp\/v2\/product\/263539","targetHints":{"allow":["GET"]}}],"collection":[{"href":"https:\/\/gaspachitos.com\/eu\/wp-json\/wp\/v2\/product"}],"about":[{"href":"https:\/\/gaspachitos.com\/eu\/wp-json\/wp\/v2\/types\/product"}],"replies":[{"embeddable":true,"href":"https:\/\/gaspachitos.com\/eu\/wp-json\/wp\/v2\/comments?post=263539"}],"wp:featuredmedia":[{"embeddable":true,"href":"https:\/\/gaspachitos.com\/eu\/wp-json\/wp\/v2\/media\/278005"}],"wp:attachment":[{"href":"https:\/\/gaspachitos.com\/eu\/wp-json\/wp\/v2\/media?parent=263539"}],"wp:term":[{"taxonomy":"pwb-brand","embeddable":true,"href":"https:\/\/gaspachitos.com\/eu\/wp-json\/wp\/v2\/pwb-brand?post=263539"},{"taxonomy":"product_brand","embeddable":true,"href":"https:\/\/gaspachitos.com\/eu\/wp-json\/wp\/v2\/product_brand?post=263539"},{"taxonomy":"product_cat","embeddable":true,"href":"https:\/\/gaspachitos.com\/eu\/wp-json\/wp\/v2\/product_cat?post=263539"},{"taxonomy":"product_tag","embeddable":true,"href":"https:\/\/gaspachitos.com\/eu\/wp-json\/wp\/v2\/product_tag?post=263539"}],"curies":[{"name":"wp","href":"https:\/\/api.w.org\/{rel}","templated":true}]}}

El móvil de cuna clásico se suma al diseño de Into the Forest™. !Un nuevo giro evolutivo!

<ul>
<li>Un móvil de diseño exclusivo con espirales blancas y negras que estimulan el desarrollo visual del bebé.</li>
<li class="toggle">20 minutos de música clásica continua que ayuda al bebé a relajarse a la hora de dormir y favorece el desarrollo de la inteligencia emocional.</li>
<li class="toggle">El móvil evoluciona con su bebé. Cuando el bebé crece se puede quitar y usar como una caja de música independiente.</li>
<li class="toggle">La luz nocturna del móvil hará que el bebé se relaje y entre feliz en el país de los sueños.</li>
<li class="toggle">El botón de control activado por el bebé fomenta su independencia y le motiva a explorar.</li>
<li class="toggle">¡Parte de la colección Into the Forest™! Compartiendo esos Moments of Wonder™ especiales con el bebé</li>
</ul>

<p><span>El móvil de cuna clásico se suma al diseño de Into the Forest™. !Un nuevo giro evolutivo!</span></p>

<!-- This site is optimized with the Yoast SEO plugin v27.4 - https://yoast.com/product/yoast-seo-wordpress/ -->
<title>El móvil de cuna clásico se suma al diseño de Into the Forest™. !Un nuevo giro evolutivo! - Gaspachitos</title>
<meta name="robots" content="index, follow, max-snippet:-1, max-image-preview:large, max-video-preview:-1" />
<link rel="canonical" href="https://gaspachitos.com/producto/el-movil-de-cuna-clasico-se-suma-al-diseno-de-into-the-forest-un-nuevo-giro-evolutivo/" />
<meta property="og:locale" content="eu_ES" />
<meta property="og:type" content="article" />
<meta property="og:title" content="El móvil de cuna clásico se suma al diseño de Into the Forest™. !Un nuevo giro evolutivo! - Gaspachitos" />
<meta property="og:description" content="El móvil de cuna clásico se suma al diseño de Into the Forest™. !Un nuevo giro evolutivo!" />
<meta property="og:url" content="https://gaspachitos.com/producto/el-movil-de-cuna-clasico-se-suma-al-diseno-de-into-the-forest-un-nuevo-giro-evolutivo/" />
<meta property="og:site_name" content="Gaspachitos" />
<meta property="og:image" content="https://gaspachitos.com/wp-content/uploads/2022/11/10887-thickbox_default-El-movil-de-cuna-clasico-se-suma-al-diseno-de-Into-the-Forest™.-Un-nuevo-giro-evolutivo.jpg" />
	<meta property="og:image:width" content="800" />
	<meta property="og:image:height" content="800" />
	<meta property="og:image:type" content="image/jpeg" />
<meta name="twitter:card" content="summary_large_image" />
<meta name="twitter:label1" content="Est. reading time" />
	<meta name="twitter:data1" content="1 minute" />
<script type="application/ld+json" class="yoast-schema-graph">{"@context":"https:\/\/schema.org","@graph":[{"@type":"WebPage","@id":"https:\/\/gaspachitos.com\/producto\/el-movil-de-cuna-clasico-se-suma-al-diseno-de-into-the-forest-un-nuevo-giro-evolutivo\/","url":"https:\/\/gaspachitos.com\/producto\/el-movil-de-cuna-clasico-se-suma-al-diseno-de-into-the-forest-un-nuevo-giro-evolutivo\/","name":"El móvil de cuna clásico se suma al diseño de Into the Forest™. !Un nuevo giro evolutivo! - Gaspachitos","isPartOf":{"@id":"https:\/\/gaspachitos.com\/#website"},"primaryImageOfPage":{"@id":"https:\/\/gaspachitos.com\/producto\/el-movil-de-cuna-clasico-se-suma-al-diseno-de-into-the-forest-un-nuevo-giro-evolutivo\/#primaryimage"},"image":{"@id":"https:\/\/gaspachitos.com\/producto\/el-movil-de-cuna-clasico-se-suma-al-diseno-de-into-the-forest-un-nuevo-giro-evolutivo\/#primaryimage"},"thumbnailUrl":"https:\/\/gaspachitos.com\/wp-content\/uploads\/2022\/11\/carrusel-into-the-forest.jpg","datePublished":"2022-11-17T11:02:01+00:00","breadcrumb":{"@id":"https:\/\/gaspachitos.com\/producto\/el-movil-de-cuna-clasico-se-suma-al-diseno-de-into-the-forest-un-nuevo-giro-evolutivo\/#breadcrumb"},"inLanguage":"eu-ES","potentialAction":[{"@type":"ReadAction","target":["https:\/\/gaspachitos.com\/producto\/el-movil-de-cuna-clasico-se-suma-al-diseno-de-into-the-forest-un-nuevo-giro-evolutivo\/"]}]},{"@type":"ImageObject","inLanguage":"eu-ES","@id":"https:\/\/gaspachitos.com\/producto\/el-movil-de-cuna-clasico-se-suma-al-diseno-de-into-the-forest-un-nuevo-giro-evolutivo\/#primaryimage","url":"https:\/\/gaspachitos.com\/wp-content\/uploads\/2022\/11\/carrusel-into-the-forest.jpg","contentUrl":"https:\/\/gaspachitos.com\/wp-content\/uploads\/2022\/11\/carrusel-into-the-forest.jpg","width":640,"height":640},{"@type":"BreadcrumbList","@id":"https:\/\/gaspachitos.com\/producto\/el-movil-de-cuna-clasico-se-suma-al-diseno-de-into-the-forest-un-nuevo-giro-evolutivo\/#breadcrumb","itemListElement":[{"@type":"ListItem","position":1,"name":"Portada","item":"https:\/\/gaspachitos.com\/"},{"@type":"ListItem","position":2,"name":"Produtos","item":"https:\/\/gaspachitos.com\/gl\/shop\/"},{"@type":"ListItem","position":3,"name":"El móvil de cuna clásico se suma al diseño de Into the Forest™. !Un nuevo giro evolutivo!"}]},{"@type":"WebSite","@id":"https:\/\/gaspachitos.com\/#website","url":"https:\/\/gaspachitos.com\/","name":"Gaspachitos","description":"La tienda para tu bebé: cochecitos, sillas de paseo, cunas...","potentialAction":[{"@type":"SearchAction","target":{"@type":"EntryPoint","urlTemplate":"https:\/\/gaspachitos.com\/?s={search_term_string}"},"query-input":{"@type":"PropertyValueSpecification","valueRequired":true,"valueName":"search_term_string"}}],"inLanguage":"eu-ES"}]}</script>
<!-- / Yoast SEO plugin. -->

El móvil de cuna clásico se suma al diseño de Into the Forest™. !Un nuevo giro evolutivo! - Gaspachitos

La tienda para tu bebé: cochecitos, sillas de paseo, cunas...
