{"id":261098,"date":"2020-03-24T21:02:56","date_gmt":"2020-03-24T19:02:56","guid":{"rendered":"https:\/\/nueva.gaspachitos.com\/producto\/colchon-de-viaje-para-cuna\/"},"modified":"2020-03-24T21:02:56","modified_gmt":"2020-03-24T19:02:56","slug":"colchon-de-viaje-para-cuna","status":"publish","type":"product","link":"https:\/\/gaspachitos.com\/eu\/producto\/colchon-de-viaje-para-cuna\/","title":{"rendered":"Colch\u00f3n de viaje para cuna"},"content":{"rendered":"<p style=\"text-align:center;\"><strong>\u00a0 \u00a0CARACTER\u00cdSTICAS<\/strong><\/p>\n<p>&#8211; Plegable.<\/p>\n<p>&#8211; S\u00faper acolchado.<\/p>\n<p>&#8211; V\u00e1lido para cunas de 120x60cm.<\/p>\n<p>&#8211; Incluye bolsa PE Bag para transporte.<\/p>\n<p>&#8211; Transpirable.<\/p>\n<p style=\"text-align:center;\"><strong>MEDIDAS<\/strong><\/p>\n<p>&#8211; Abierto:<\/p>\n<p>\u00a0 \u00a0 \u00a0 \u00a0 \u00a0 \u00a0 \u00a05cm Grosor x 59cm Ancho x 118cm Largo<\/p>\n<p>&#8211; Cerrado:<\/p>\n<p>\u00a0 \u00a0 \u00a0 \u00a0 \u00a0 \u00a0 \u00a015cm Grosor x 59cm Ancho x 39cm Largo<\/p>\n<p>&#8211; Peso:<\/p>\n<p>\u00a0 \u00a0 \u00a0 \u00a0 \u00a0 \u00a0 \u00a00,8 Kg<\/p>\n","protected":false},"excerpt":{"rendered":"<p style=\"text-align:center;\"><strong>CARACTER\u00cdSTICAS<\/strong><\/p>\n<p>&#8211; Plegable.<\/p>\n<p>&#8211; S\u00faper acolchado.<\/p>\n<p>&#8211; V\u00e1lido para cunas de 120x60cm.<\/p>\n<p>&#8211; Incluye bolsa PE Bag para transporte.<\/p>\n<p>&#8211; Transpirable.<\/p>\n<p style=\"text-align:center;\"><strong>MEDIDAS<\/strong><\/p>\n<p style=\"text-align:left;\">&#8211; Abierto:<\/p>\n<p style=\"text-align:left;\">\u00a0 \u00a0 \u00a0 \u00a0 \u00a0 \u00a0 \u00a05cm Grosor x 59cm Ancho x 118cm Largo<\/p>\n<p style=\"text-align:left;\">&#8211; Cerrado:<\/p>\n<p style=\"text-align:left;\">\u00a0 \u00a0 \u00a0 \u00a0 \u00a0 \u00a0 \u00a015cm Grosor x 59cm Ancho x 39cm Largo<\/p>\n<p style=\"text-align:left;\">&#8211; Peso:<\/p>\n<p style=\"text-align:left;\">\u00a0 \u00a0 \u00a0 \u00a0 \u00a0 \u00a0 \u00a00,8 Kg<\/p>\n","protected":false},"featured_media":235839,"comment_status":"open","ping_status":"closed","template":"","meta":{"_et_pb_use_builder":"","_et_pb_old_content":"","_et_gb_content_width":""},"pwb-brand":[5539],"product_brand":[],"product_cat":[10878],"product_tag":[],"class_list":{"0":"post-261098","1":"product","2":"type-product","3":"status-publish","4":"has-post-thumbnail","6":"pwb-brand-asalvo","7":"product_cat-sin-categorizar","9":"first","10":"instock","11":"taxable","12":"shipping-taxable","13":"purchasable","14":"product-type-variable","15":"has-default-attributes"},"yoast_head":"<!-- This site is optimized with the Yoast SEO plugin v27.5 - https:\/\/yoast.com\/product\/yoast-seo-wordpress\/ -->\n<title>Colch\u00f3n de viaje para cuna - Gaspachitos<\/title>\n<meta name=\"robots\" content=\"index, follow, max-snippet:-1, max-image-preview:large, max-video-preview:-1\" \/>\n<link rel=\"canonical\" href=\"https:\/\/gaspachitos.com\/producto\/colchon-de-viaje-para-cuna\/\" \/>\n<meta property=\"og:locale\" content=\"eu_ES\" \/>\n<meta property=\"og:type\" content=\"article\" \/>\n<meta property=\"og:title\" content=\"Colch\u00f3n de viaje para cuna - Gaspachitos\" \/>\n<meta property=\"og:description\" content=\"CARACTER\u00cdSTICAS - Plegable. - S\u00faper acolchado. - V\u00e1lido para cunas de 120x60cm. - Incluye bolsa PE Bag para transporte. - Transpirable. MEDIDAS - Abierto: \u00a0 \u00a0 \u00a0 \u00a0 \u00a0 \u00a0 \u00a05cm Grosor x 59cm Ancho x 118cm Largo - Cerrado: \u00a0 \u00a0 \u00a0 \u00a0 \u00a0 \u00a0 \u00a015cm Grosor x 59cm Ancho x 39cm Largo - Peso: \u00a0 \u00a0 \u00a0 \u00a0 \u00a0 \u00a0 \u00a00,8 Kg\" \/>\n<meta property=\"og:url\" content=\"https:\/\/gaspachitos.com\/producto\/colchon-de-viaje-para-cuna\/\" \/>\n<meta property=\"og:site_name\" content=\"Gaspachitos\" \/>\n<meta property=\"og:image\" content=\"https:\/\/gaspachitos.com\/wp-content\/uploads\/2020\/03\/10364-thickbox_default-Colchon-de-viaje-para-cuna.jpg\" \/>\n\t<meta property=\"og:image:width\" content=\"800\" \/>\n\t<meta property=\"og:image:height\" content=\"800\" \/>\n\t<meta property=\"og:image:type\" content=\"image\/jpeg\" \/>\n<meta name=\"twitter:card\" content=\"summary_large_image\" \/>\n<script type=\"application\/ld+json\" class=\"yoast-schema-graph\">{\"@context\":\"https:\\\/\\\/schema.org\",\"@graph\":[{\"@type\":\"WebPage\",\"@id\":\"https:\\\/\\\/gaspachitos.com\\\/producto\\\/colchon-de-viaje-para-cuna\\\/\",\"url\":\"https:\\\/\\\/gaspachitos.com\\\/producto\\\/colchon-de-viaje-para-cuna\\\/\",\"name\":\"Colch\u00f3n de viaje para cuna - Gaspachitos\",\"isPartOf\":{\"@id\":\"https:\\\/\\\/gaspachitos.com\\\/#website\"},\"primaryImageOfPage\":{\"@id\":\"https:\\\/\\\/gaspachitos.com\\\/producto\\\/colchon-de-viaje-para-cuna\\\/#primaryimage\"},\"image\":{\"@id\":\"https:\\\/\\\/gaspachitos.com\\\/producto\\\/colchon-de-viaje-para-cuna\\\/#primaryimage\"},\"thumbnailUrl\":\"https:\\\/\\\/gaspachitos.com\\\/wp-content\\\/uploads\\\/2020\\\/03\\\/10364-thickbox_default-Colchon-de-viaje-para-cuna.jpg\",\"datePublished\":\"2020-03-24T19:02:56+00:00\",\"breadcrumb\":{\"@id\":\"https:\\\/\\\/gaspachitos.com\\\/producto\\\/colchon-de-viaje-para-cuna\\\/#breadcrumb\"},\"inLanguage\":\"eu-ES\",\"potentialAction\":[{\"@type\":\"ReadAction\",\"target\":[\"https:\\\/\\\/gaspachitos.com\\\/producto\\\/colchon-de-viaje-para-cuna\\\/\"]}]},{\"@type\":\"ImageObject\",\"inLanguage\":\"eu-ES\",\"@id\":\"https:\\\/\\\/gaspachitos.com\\\/producto\\\/colchon-de-viaje-para-cuna\\\/#primaryimage\",\"url\":\"https:\\\/\\\/gaspachitos.com\\\/wp-content\\\/uploads\\\/2020\\\/03\\\/10364-thickbox_default-Colchon-de-viaje-para-cuna.jpg\",\"contentUrl\":\"https:\\\/\\\/gaspachitos.com\\\/wp-content\\\/uploads\\\/2020\\\/03\\\/10364-thickbox_default-Colchon-de-viaje-para-cuna.jpg\",\"width\":800,\"height\":800},{\"@type\":\"BreadcrumbList\",\"@id\":\"https:\\\/\\\/gaspachitos.com\\\/producto\\\/colchon-de-viaje-para-cuna\\\/#breadcrumb\",\"itemListElement\":[{\"@type\":\"ListItem\",\"position\":1,\"name\":\"Portada\",\"item\":\"https:\\\/\\\/gaspachitos.com\\\/\"},{\"@type\":\"ListItem\",\"position\":2,\"name\":\"Produtos\",\"item\":\"https:\\\/\\\/gaspachitos.com\\\/gl\\\/shop\\\/\"},{\"@type\":\"ListItem\",\"position\":3,\"name\":\"Colch\u00f3n de viaje para cuna\"}]},{\"@type\":\"WebSite\",\"@id\":\"https:\\\/\\\/gaspachitos.com\\\/#website\",\"url\":\"https:\\\/\\\/gaspachitos.com\\\/\",\"name\":\"Gaspachitos\",\"description\":\"La tienda para tu beb\u00e9: cochecitos, sillas de paseo, cunas...\",\"potentialAction\":[{\"@type\":\"SearchAction\",\"target\":{\"@type\":\"EntryPoint\",\"urlTemplate\":\"https:\\\/\\\/gaspachitos.com\\\/?s={search_term_string}\"},\"query-input\":{\"@type\":\"PropertyValueSpecification\",\"valueRequired\":true,\"valueName\":\"search_term_string\"}}],\"inLanguage\":\"eu-ES\"}]}<\/script>\n<!-- \/ Yoast SEO plugin. -->","yoast_head_json":{"title":"Colch\u00f3n de viaje para cuna - Gaspachitos","robots":{"index":"index","follow":"follow","max-snippet":"max-snippet:-1","max-image-preview":"max-image-preview:large","max-video-preview":"max-video-preview:-1"},"canonical":"https:\/\/gaspachitos.com\/producto\/colchon-de-viaje-para-cuna\/","og_locale":"eu_ES","og_type":"article","og_title":"Colch\u00f3n de viaje para cuna - Gaspachitos","og_description":"CARACTER\u00cdSTICAS - Plegable. - S\u00faper acolchado. - V\u00e1lido para cunas de 120x60cm. - Incluye bolsa PE Bag para transporte. - Transpirable. MEDIDAS - Abierto: \u00a0 \u00a0 \u00a0 \u00a0 \u00a0 \u00a0 \u00a05cm Grosor x 59cm Ancho x 118cm Largo - Cerrado: \u00a0 \u00a0 \u00a0 \u00a0 \u00a0 \u00a0 \u00a015cm Grosor x 59cm Ancho x 39cm Largo - Peso: \u00a0 \u00a0 \u00a0 \u00a0 \u00a0 \u00a0 \u00a00,8 Kg","og_url":"https:\/\/gaspachitos.com\/producto\/colchon-de-viaje-para-cuna\/","og_site_name":"Gaspachitos","og_image":[{"width":800,"height":800,"url":"https:\/\/gaspachitos.com\/wp-content\/uploads\/2020\/03\/10364-thickbox_default-Colchon-de-viaje-para-cuna.jpg","type":"image\/jpeg"}],"twitter_card":"summary_large_image","schema":{"@context":"https:\/\/schema.org","@graph":[{"@type":"WebPage","@id":"https:\/\/gaspachitos.com\/producto\/colchon-de-viaje-para-cuna\/","url":"https:\/\/gaspachitos.com\/producto\/colchon-de-viaje-para-cuna\/","name":"Colch\u00f3n de viaje para cuna - Gaspachitos","isPartOf":{"@id":"https:\/\/gaspachitos.com\/#website"},"primaryImageOfPage":{"@id":"https:\/\/gaspachitos.com\/producto\/colchon-de-viaje-para-cuna\/#primaryimage"},"image":{"@id":"https:\/\/gaspachitos.com\/producto\/colchon-de-viaje-para-cuna\/#primaryimage"},"thumbnailUrl":"https:\/\/gaspachitos.com\/wp-content\/uploads\/2020\/03\/10364-thickbox_default-Colchon-de-viaje-para-cuna.jpg","datePublished":"2020-03-24T19:02:56+00:00","breadcrumb":{"@id":"https:\/\/gaspachitos.com\/producto\/colchon-de-viaje-para-cuna\/#breadcrumb"},"inLanguage":"eu-ES","potentialAction":[{"@type":"ReadAction","target":["https:\/\/gaspachitos.com\/producto\/colchon-de-viaje-para-cuna\/"]}]},{"@type":"ImageObject","inLanguage":"eu-ES","@id":"https:\/\/gaspachitos.com\/producto\/colchon-de-viaje-para-cuna\/#primaryimage","url":"https:\/\/gaspachitos.com\/wp-content\/uploads\/2020\/03\/10364-thickbox_default-Colchon-de-viaje-para-cuna.jpg","contentUrl":"https:\/\/gaspachitos.com\/wp-content\/uploads\/2020\/03\/10364-thickbox_default-Colchon-de-viaje-para-cuna.jpg","width":800,"height":800},{"@type":"BreadcrumbList","@id":"https:\/\/gaspachitos.com\/producto\/colchon-de-viaje-para-cuna\/#breadcrumb","itemListElement":[{"@type":"ListItem","position":1,"name":"Portada","item":"https:\/\/gaspachitos.com\/"},{"@type":"ListItem","position":2,"name":"Produtos","item":"https:\/\/gaspachitos.com\/gl\/shop\/"},{"@type":"ListItem","position":3,"name":"Colch\u00f3n de viaje para cuna"}]},{"@type":"WebSite","@id":"https:\/\/gaspachitos.com\/#website","url":"https:\/\/gaspachitos.com\/","name":"Gaspachitos","description":"La tienda para tu beb\u00e9: cochecitos, sillas de paseo, cunas...","potentialAction":[{"@type":"SearchAction","target":{"@type":"EntryPoint","urlTemplate":"https:\/\/gaspachitos.com\/?s={search_term_string}"},"query-input":{"@type":"PropertyValueSpecification","valueRequired":true,"valueName":"search_term_string"}}],"inLanguage":"eu-ES"}]}},"brands":[{"id":5539,"name":"Asalvo","slug":"asalvo"}],"_links":{"self":[{"href":"https:\/\/gaspachitos.com\/eu\/wp-json\/wp\/v2\/product\/261098","targetHints":{"allow":["GET"]}}],"collection":[{"href":"https:\/\/gaspachitos.com\/eu\/wp-json\/wp\/v2\/product"}],"about":[{"href":"https:\/\/gaspachitos.com\/eu\/wp-json\/wp\/v2\/types\/product"}],"replies":[{"embeddable":true,"href":"https:\/\/gaspachitos.com\/eu\/wp-json\/wp\/v2\/comments?post=261098"}],"wp:featuredmedia":[{"embeddable":true,"href":"https:\/\/gaspachitos.com\/eu\/wp-json\/wp\/v2\/media\/235839"}],"wp:attachment":[{"href":"https:\/\/gaspachitos.com\/eu\/wp-json\/wp\/v2\/media?parent=261098"}],"wp:term":[{"taxonomy":"pwb-brand","embeddable":true,"href":"https:\/\/gaspachitos.com\/eu\/wp-json\/wp\/v2\/pwb-brand?post=261098"},{"taxonomy":"product_brand","embeddable":true,"href":"https:\/\/gaspachitos.com\/eu\/wp-json\/wp\/v2\/product_brand?post=261098"},{"taxonomy":"product_cat","embeddable":true,"href":"https:\/\/gaspachitos.com\/eu\/wp-json\/wp\/v2\/product_cat?post=261098"},{"taxonomy":"product_tag","embeddable":true,"href":"https:\/\/gaspachitos.com\/eu\/wp-json\/wp\/v2\/product_tag?post=261098"}],"curies":[{"name":"wp","href":"https:\/\/api.w.org\/{rel}","templated":true}]}}

Colchón de viaje para cuna

<p style="text-align:center;"><strong>   CARACTERÍSTICAS</strong></p>
<p>&#8211; Plegable.</p>
<p>&#8211; Súper acolchado.</p>
<p>&#8211; Válido para cunas de 120x60cm.</p>
<p>&#8211; Incluye bolsa PE Bag para transporte.</p>
<p>&#8211; Transpirable.</p>
<p style="text-align:center;"><strong>MEDIDAS</strong></p>
<p>&#8211; Abierto:</p>
<p>             5cm Grosor x 59cm Ancho x 118cm Largo</p>
<p>&#8211; Cerrado:</p>
<p>             15cm Grosor x 59cm Ancho x 39cm Largo</p>
<p>&#8211; Peso:</p>
<p>             0,8 Kg</p>

<p style="text-align:center;"><strong>CARACTERÍSTICAS</strong></p>
<p>&#8211; Plegable.</p>
<p>&#8211; Súper acolchado.</p>
<p>&#8211; Válido para cunas de 120x60cm.</p>
<p>&#8211; Incluye bolsa PE Bag para transporte.</p>
<p>&#8211; Transpirable.</p>
<p style="text-align:center;"><strong>MEDIDAS</strong></p>
<p style="text-align:left;">&#8211; Abierto:</p>
<p style="text-align:left;">             5cm Grosor x 59cm Ancho x 118cm Largo</p>
<p style="text-align:left;">&#8211; Cerrado:</p>
<p style="text-align:left;">             15cm Grosor x 59cm Ancho x 39cm Largo</p>
<p style="text-align:left;">&#8211; Peso:</p>
<p style="text-align:left;">             0,8 Kg</p>

<!-- This site is optimized with the Yoast SEO plugin v27.5 - https://yoast.com/product/yoast-seo-wordpress/ -->
<title>Colchón de viaje para cuna - Gaspachitos</title>
<meta name="robots" content="index, follow, max-snippet:-1, max-image-preview:large, max-video-preview:-1" />
<link rel="canonical" href="https://gaspachitos.com/producto/colchon-de-viaje-para-cuna/" />
<meta property="og:locale" content="eu_ES" />
<meta property="og:type" content="article" />
<meta property="og:title" content="Colchón de viaje para cuna - Gaspachitos" />
<meta property="og:description" content="CARACTERÍSTICAS - Plegable. - Súper acolchado. - Válido para cunas de 120x60cm. - Incluye bolsa PE Bag para transporte. - Transpirable. MEDIDAS - Abierto:              5cm Grosor x 59cm Ancho x 118cm Largo - Cerrado:              15cm Grosor x 59cm Ancho x 39cm Largo - Peso:              0,8 Kg" />
<meta property="og:url" content="https://gaspachitos.com/producto/colchon-de-viaje-para-cuna/" />
<meta property="og:site_name" content="Gaspachitos" />
<meta property="og:image" content="https://gaspachitos.com/wp-content/uploads/2020/03/10364-thickbox_default-Colchon-de-viaje-para-cuna.jpg" />
	<meta property="og:image:width" content="800" />
	<meta property="og:image:height" content="800" />
	<meta property="og:image:type" content="image/jpeg" />
<meta name="twitter:card" content="summary_large_image" />
<script type="application/ld+json" class="yoast-schema-graph">{"@context":"https:\/\/schema.org","@graph":[{"@type":"WebPage","@id":"https:\/\/gaspachitos.com\/producto\/colchon-de-viaje-para-cuna\/","url":"https:\/\/gaspachitos.com\/producto\/colchon-de-viaje-para-cuna\/","name":"Colchón de viaje para cuna - Gaspachitos","isPartOf":{"@id":"https:\/\/gaspachitos.com\/#website"},"primaryImageOfPage":{"@id":"https:\/\/gaspachitos.com\/producto\/colchon-de-viaje-para-cuna\/#primaryimage"},"image":{"@id":"https:\/\/gaspachitos.com\/producto\/colchon-de-viaje-para-cuna\/#primaryimage"},"thumbnailUrl":"https:\/\/gaspachitos.com\/wp-content\/uploads\/2020\/03\/10364-thickbox_default-Colchon-de-viaje-para-cuna.jpg","datePublished":"2020-03-24T19:02:56+00:00","breadcrumb":{"@id":"https:\/\/gaspachitos.com\/producto\/colchon-de-viaje-para-cuna\/#breadcrumb"},"inLanguage":"eu-ES","potentialAction":[{"@type":"ReadAction","target":["https:\/\/gaspachitos.com\/producto\/colchon-de-viaje-para-cuna\/"]}]},{"@type":"ImageObject","inLanguage":"eu-ES","@id":"https:\/\/gaspachitos.com\/producto\/colchon-de-viaje-para-cuna\/#primaryimage","url":"https:\/\/gaspachitos.com\/wp-content\/uploads\/2020\/03\/10364-thickbox_default-Colchon-de-viaje-para-cuna.jpg","contentUrl":"https:\/\/gaspachitos.com\/wp-content\/uploads\/2020\/03\/10364-thickbox_default-Colchon-de-viaje-para-cuna.jpg","width":800,"height":800},{"@type":"BreadcrumbList","@id":"https:\/\/gaspachitos.com\/producto\/colchon-de-viaje-para-cuna\/#breadcrumb","itemListElement":[{"@type":"ListItem","position":1,"name":"Portada","item":"https:\/\/gaspachitos.com\/"},{"@type":"ListItem","position":2,"name":"Produtos","item":"https:\/\/gaspachitos.com\/gl\/shop\/"},{"@type":"ListItem","position":3,"name":"Colchón de viaje para cuna"}]},{"@type":"WebSite","@id":"https:\/\/gaspachitos.com\/#website","url":"https:\/\/gaspachitos.com\/","name":"Gaspachitos","description":"La tienda para tu bebé: cochecitos, sillas de paseo, cunas...","potentialAction":[{"@type":"SearchAction","target":{"@type":"EntryPoint","urlTemplate":"https:\/\/gaspachitos.com\/?s={search_term_string}"},"query-input":{"@type":"PropertyValueSpecification","valueRequired":true,"valueName":"search_term_string"}}],"inLanguage":"eu-ES"}]}</script>
<!-- / Yoast SEO plugin. -->

Colchón de viaje para cuna - Gaspachitos

CARACTERÍSTICAS - Plegable. - Súper acolchado. - Válido para cunas de 120x60cm. - Incluye bolsa PE Bag para transporte. - Transpirable. MEDIDAS - Abierto:              5cm Grosor x 59cm Ancho x 118cm Largo - Cerrado:              15cm Grosor x 59cm Ancho x 39cm Largo - Peso:              0,8 Kg

La tienda para tu bebé: cochecitos, sillas de paseo, cunas...
