{"id":259731,"date":"2013-05-17T19:16:00","date_gmt":"2013-05-17T17:16:00","guid":{"rendered":"https:\/\/nueva.gaspachitos.com\/producto\/mochila-porta-bebe-original-de-babybjoern\/"},"modified":"2013-05-17T19:16:00","modified_gmt":"2013-05-17T17:16:00","slug":"mochila-porta-bebe-original-de-babybjoern","status":"publish","type":"product","link":"https:\/\/gaspachitos.com\/eu\/producto\/mochila-porta-bebe-original-de-babybjoern\/","title":{"rendered":"BABYBJ\u00d6RN Mochila Porta Beb\u00e9 Mini, 3D Jersey, Gris claro"},"content":{"rendered":"<\/p>\n<div id=\"productOverview_feature_div\" class=\"celwidget\">\n<div class=\"a-section a-spacing-small a-spacing-top-small\">\n<table class=\"a-normal a-spacing-micro\">\n<tbody>\n<tr class=\"a-spacing-small\">\n<td class=\"a-span3\"><span class=\"a-size-base a-text-bold\">Color<\/span><\/td>\n<td class=\"a-span9\"><span class=\"a-size-base\">Gris Claro<\/span><\/td>\n<\/tr>\n<tr class=\"a-spacing-small\">\n<td class=\"a-span3\"><span class=\"a-size-base a-text-bold\">Marca<\/span><\/td>\n<td class=\"a-span9\"><span class=\"a-size-base\">BabyBj\u00f6rn<\/span><\/td>\n<\/tr>\n<tr class=\"a-spacing-small\">\n<td class=\"a-span3\"><span class=\"a-size-base a-text-bold\">Tipo de correa<\/span><\/td>\n<td class=\"a-span9\"><span class=\"a-size-base\">Correa para el hombro<\/span><\/td>\n<\/tr>\n<tr class=\"a-spacing-small\">\n<td class=\"a-span3\"><span class=\"a-size-base a-text-bold\">Peso m\u00ednimo recomendado<\/span><\/td>\n<td class=\"a-span9\"><span class=\"a-size-base\">3.2 Kilogramos<\/span><\/td>\n<\/tr>\n<tr class=\"a-spacing-small\">\n<td class=\"a-span3\"><span class=\"a-size-base a-text-bold\">Peso m\u00e1ximo recomendado<\/span><\/td>\n<td class=\"a-span9\"><span class=\"a-size-base\">11 Kilogramos<\/span><\/td>\n<\/tr>\n<\/tbody>\n<\/table><\/div>\n<\/p><\/div>\n<div id=\"featurebullets_feature_div\" class=\"celwidget\">\n<div id=\"feature-bullets\" class=\"a-section a-spacing-medium a-spacing-top-small\">\n<hr \/>\n<h1 class=\"a-size-base-plus a-text-bold\">Acerca de este producto<\/h1>\n<ul class=\"a-unordered-list a-vertical a-spacing-mini\">\n<li><span class=\"a-list-item\">Mochila porta beb\u00e9 ideal para el reci\u00e9n nacido<\/span><\/li>\n<li><span class=\"a-list-item\">Peque\u00f1a y f\u00e1cil de poner y quitar<\/span><\/li>\n<li><span class=\"a-list-item\">Suave y flexible<\/span><\/li>\n<li><span class=\"a-list-item\">Hacia adentro o hacia adelante sobre el pecho<\/span><\/li>\n<li><span class=\"a-list-item\">Testado y seguro desde el nacimiento hasta los 12 meses<\/span><\/li>\n<\/ul><\/div>\n<\/p><\/div>\n<\/p>\n<p>SUJETO A DISPONIBILIDAD<\/p>\n","protected":false},"excerpt":{"rendered":"<p><span>BABYBJ\u00d6RN Mochila Porta Beb\u00e9 Mini, 3D Jersey, Gris claro.<\/span><\/p>\n","protected":false},"featured_media":233751,"comment_status":"open","ping_status":"closed","template":"","meta":{"_et_pb_use_builder":"","_et_pb_old_content":"","_et_gb_content_width":""},"pwb-brand":[5206],"product_brand":[],"product_cat":[6094,5869],"product_tag":[],"class_list":{"0":"post-259731","1":"product","2":"type-product","3":"status-publish","4":"has-post-thumbnail","6":"pwb-brand-babybjorn","7":"product_cat-mochilas-portabebe-eu","8":"product_cat-productos-destacados-eu","9":"pa_color-beige-eu","10":"pa_color-gris-eu","11":"pa_color-grisnegro-eu","13":"first","14":"instock","15":"taxable","16":"shipping-taxable","17":"purchasable","18":"product-type-variable","19":"has-default-attributes"},"yoast_head":"<!-- This site is optimized with the Yoast SEO plugin v27.5 - https:\/\/yoast.com\/product\/yoast-seo-wordpress\/ -->\n<title>Comprar Mochila Porta Beb\u00e9 ORIGINAL de BABYBJ\u00d6RN<\/title>\n<meta name=\"description\" content=\"Comprar el Mochila Porta Beb\u00e9 ORIGINAL de BABYBJ\u00d6RN online o en nuestras tiendas Gaspachitos de Palencia, Valladolid o Cantabria\" \/>\n<meta name=\"robots\" content=\"index, follow, max-snippet:-1, max-image-preview:large, max-video-preview:-1\" \/>\n<link rel=\"canonical\" href=\"https:\/\/gaspachitos.com\/producto\/mochila-porta-bebe-original-de-babybjoern\/\" \/>\n<meta property=\"og:locale\" content=\"eu_ES\" \/>\n<meta property=\"og:type\" content=\"article\" \/>\n<meta property=\"og:title\" content=\"Comprar Mochila Porta Beb\u00e9 ORIGINAL de BABYBJ\u00d6RN\" \/>\n<meta property=\"og:description\" content=\"Comprar el Mochila Porta Beb\u00e9 ORIGINAL de BABYBJ\u00d6RN online o en nuestras tiendas Gaspachitos de Palencia, Valladolid o Cantabria\" \/>\n<meta property=\"og:url\" content=\"https:\/\/gaspachitos.com\/producto\/mochila-porta-bebe-original-de-babybjoern\/\" \/>\n<meta property=\"og:site_name\" content=\"Gaspachitos\" \/>\n<meta property=\"og:image\" content=\"https:\/\/gaspachitos.com\/wp-content\/uploads\/2013\/05\/10539-thickbox_default-Mochila-Porta-Bebe-Original-Negro-Algodon-de-BABYBJORN.jpg\" \/>\n\t<meta property=\"og:image:width\" content=\"800\" \/>\n\t<meta property=\"og:image:height\" content=\"800\" \/>\n\t<meta property=\"og:image:type\" content=\"image\/jpeg\" \/>\n<meta name=\"twitter:card\" content=\"summary_large_image\" \/>\n<script type=\"application\/ld+json\" class=\"yoast-schema-graph\">{\"@context\":\"https:\\\/\\\/schema.org\",\"@graph\":[{\"@type\":\"WebPage\",\"@id\":\"https:\\\/\\\/gaspachitos.com\\\/producto\\\/mochila-porta-bebe-original-de-babybjoern\\\/\",\"url\":\"https:\\\/\\\/gaspachitos.com\\\/producto\\\/mochila-porta-bebe-original-de-babybjoern\\\/\",\"name\":\"Comprar Mochila Porta Beb\u00e9 ORIGINAL de BABYBJ\u00d6RN\",\"isPartOf\":{\"@id\":\"https:\\\/\\\/gaspachitos.com\\\/#website\"},\"primaryImageOfPage\":{\"@id\":\"https:\\\/\\\/gaspachitos.com\\\/producto\\\/mochila-porta-bebe-original-de-babybjoern\\\/#primaryimage\"},\"image\":{\"@id\":\"https:\\\/\\\/gaspachitos.com\\\/producto\\\/mochila-porta-bebe-original-de-babybjoern\\\/#primaryimage\"},\"thumbnailUrl\":\"https:\\\/\\\/gaspachitos.com\\\/wp-content\\\/uploads\\\/2013\\\/05\\\/10539-thickbox_default-Mochila-Porta-Bebe-Original-Algodon-de-BABYBJORN.jpg\",\"datePublished\":\"2013-05-17T17:16:00+00:00\",\"description\":\"Comprar el Mochila Porta Beb\u00e9 ORIGINAL de BABYBJ\u00d6RN online o en nuestras tiendas Gaspachitos de Palencia, Valladolid o Cantabria\",\"breadcrumb\":{\"@id\":\"https:\\\/\\\/gaspachitos.com\\\/producto\\\/mochila-porta-bebe-original-de-babybjoern\\\/#breadcrumb\"},\"inLanguage\":\"eu-ES\",\"potentialAction\":[{\"@type\":\"ReadAction\",\"target\":[\"https:\\\/\\\/gaspachitos.com\\\/producto\\\/mochila-porta-bebe-original-de-babybjoern\\\/\"]}]},{\"@type\":\"ImageObject\",\"inLanguage\":\"eu-ES\",\"@id\":\"https:\\\/\\\/gaspachitos.com\\\/producto\\\/mochila-porta-bebe-original-de-babybjoern\\\/#primaryimage\",\"url\":\"https:\\\/\\\/gaspachitos.com\\\/wp-content\\\/uploads\\\/2013\\\/05\\\/10539-thickbox_default-Mochila-Porta-Bebe-Original-Algodon-de-BABYBJORN.jpg\",\"contentUrl\":\"https:\\\/\\\/gaspachitos.com\\\/wp-content\\\/uploads\\\/2013\\\/05\\\/10539-thickbox_default-Mochila-Porta-Bebe-Original-Algodon-de-BABYBJORN.jpg\",\"width\":800,\"height\":800},{\"@type\":\"BreadcrumbList\",\"@id\":\"https:\\\/\\\/gaspachitos.com\\\/producto\\\/mochila-porta-bebe-original-de-babybjoern\\\/#breadcrumb\",\"itemListElement\":[{\"@type\":\"ListItem\",\"position\":1,\"name\":\"Portada\",\"item\":\"https:\\\/\\\/gaspachitos.com\\\/\"},{\"@type\":\"ListItem\",\"position\":2,\"name\":\"Produtos\",\"item\":\"https:\\\/\\\/gaspachitos.com\\\/gl\\\/shop\\\/\"},{\"@type\":\"ListItem\",\"position\":3,\"name\":\"BABYBJ\u00d6RN Mochila Porta Beb\u00e9 Mini, 3D Jersey, Gris claro\"}]},{\"@type\":\"WebSite\",\"@id\":\"https:\\\/\\\/gaspachitos.com\\\/#website\",\"url\":\"https:\\\/\\\/gaspachitos.com\\\/\",\"name\":\"Gaspachitos\",\"description\":\"La tienda para tu beb\u00e9: cochecitos, sillas de paseo, cunas...\",\"potentialAction\":[{\"@type\":\"SearchAction\",\"target\":{\"@type\":\"EntryPoint\",\"urlTemplate\":\"https:\\\/\\\/gaspachitos.com\\\/?s={search_term_string}\"},\"query-input\":{\"@type\":\"PropertyValueSpecification\",\"valueRequired\":true,\"valueName\":\"search_term_string\"}}],\"inLanguage\":\"eu-ES\"}]}<\/script>\n<!-- \/ Yoast SEO plugin. -->","yoast_head_json":{"title":"Comprar Mochila Porta Beb\u00e9 ORIGINAL de BABYBJ\u00d6RN","description":"Comprar el Mochila Porta Beb\u00e9 ORIGINAL de BABYBJ\u00d6RN online o en nuestras tiendas Gaspachitos de Palencia, Valladolid o Cantabria","robots":{"index":"index","follow":"follow","max-snippet":"max-snippet:-1","max-image-preview":"max-image-preview:large","max-video-preview":"max-video-preview:-1"},"canonical":"https:\/\/gaspachitos.com\/producto\/mochila-porta-bebe-original-de-babybjoern\/","og_locale":"eu_ES","og_type":"article","og_title":"Comprar Mochila Porta Beb\u00e9 ORIGINAL de BABYBJ\u00d6RN","og_description":"Comprar el Mochila Porta Beb\u00e9 ORIGINAL de BABYBJ\u00d6RN online o en nuestras tiendas Gaspachitos de Palencia, Valladolid o Cantabria","og_url":"https:\/\/gaspachitos.com\/producto\/mochila-porta-bebe-original-de-babybjoern\/","og_site_name":"Gaspachitos","og_image":[{"width":800,"height":800,"url":"https:\/\/gaspachitos.com\/wp-content\/uploads\/2013\/05\/10539-thickbox_default-Mochila-Porta-Bebe-Original-Negro-Algodon-de-BABYBJORN.jpg","type":"image\/jpeg"}],"twitter_card":"summary_large_image","schema":{"@context":"https:\/\/schema.org","@graph":[{"@type":"WebPage","@id":"https:\/\/gaspachitos.com\/producto\/mochila-porta-bebe-original-de-babybjoern\/","url":"https:\/\/gaspachitos.com\/producto\/mochila-porta-bebe-original-de-babybjoern\/","name":"Comprar Mochila Porta Beb\u00e9 ORIGINAL de BABYBJ\u00d6RN","isPartOf":{"@id":"https:\/\/gaspachitos.com\/#website"},"primaryImageOfPage":{"@id":"https:\/\/gaspachitos.com\/producto\/mochila-porta-bebe-original-de-babybjoern\/#primaryimage"},"image":{"@id":"https:\/\/gaspachitos.com\/producto\/mochila-porta-bebe-original-de-babybjoern\/#primaryimage"},"thumbnailUrl":"https:\/\/gaspachitos.com\/wp-content\/uploads\/2013\/05\/10539-thickbox_default-Mochila-Porta-Bebe-Original-Algodon-de-BABYBJORN.jpg","datePublished":"2013-05-17T17:16:00+00:00","description":"Comprar el Mochila Porta Beb\u00e9 ORIGINAL de BABYBJ\u00d6RN online o en nuestras tiendas Gaspachitos de Palencia, Valladolid o Cantabria","breadcrumb":{"@id":"https:\/\/gaspachitos.com\/producto\/mochila-porta-bebe-original-de-babybjoern\/#breadcrumb"},"inLanguage":"eu-ES","potentialAction":[{"@type":"ReadAction","target":["https:\/\/gaspachitos.com\/producto\/mochila-porta-bebe-original-de-babybjoern\/"]}]},{"@type":"ImageObject","inLanguage":"eu-ES","@id":"https:\/\/gaspachitos.com\/producto\/mochila-porta-bebe-original-de-babybjoern\/#primaryimage","url":"https:\/\/gaspachitos.com\/wp-content\/uploads\/2013\/05\/10539-thickbox_default-Mochila-Porta-Bebe-Original-Algodon-de-BABYBJORN.jpg","contentUrl":"https:\/\/gaspachitos.com\/wp-content\/uploads\/2013\/05\/10539-thickbox_default-Mochila-Porta-Bebe-Original-Algodon-de-BABYBJORN.jpg","width":800,"height":800},{"@type":"BreadcrumbList","@id":"https:\/\/gaspachitos.com\/producto\/mochila-porta-bebe-original-de-babybjoern\/#breadcrumb","itemListElement":[{"@type":"ListItem","position":1,"name":"Portada","item":"https:\/\/gaspachitos.com\/"},{"@type":"ListItem","position":2,"name":"Produtos","item":"https:\/\/gaspachitos.com\/gl\/shop\/"},{"@type":"ListItem","position":3,"name":"BABYBJ\u00d6RN Mochila Porta Beb\u00e9 Mini, 3D Jersey, Gris claro"}]},{"@type":"WebSite","@id":"https:\/\/gaspachitos.com\/#website","url":"https:\/\/gaspachitos.com\/","name":"Gaspachitos","description":"La tienda para tu beb\u00e9: cochecitos, sillas de paseo, cunas...","potentialAction":[{"@type":"SearchAction","target":{"@type":"EntryPoint","urlTemplate":"https:\/\/gaspachitos.com\/?s={search_term_string}"},"query-input":{"@type":"PropertyValueSpecification","valueRequired":true,"valueName":"search_term_string"}}],"inLanguage":"eu-ES"}]}},"brands":[{"id":5206,"name":"Babybj\u00f6rn","slug":"babybjorn"}],"_links":{"self":[{"href":"https:\/\/gaspachitos.com\/eu\/wp-json\/wp\/v2\/product\/259731","targetHints":{"allow":["GET"]}}],"collection":[{"href":"https:\/\/gaspachitos.com\/eu\/wp-json\/wp\/v2\/product"}],"about":[{"href":"https:\/\/gaspachitos.com\/eu\/wp-json\/wp\/v2\/types\/product"}],"replies":[{"embeddable":true,"href":"https:\/\/gaspachitos.com\/eu\/wp-json\/wp\/v2\/comments?post=259731"}],"wp:featuredmedia":[{"embeddable":true,"href":"https:\/\/gaspachitos.com\/eu\/wp-json\/wp\/v2\/media\/233751"}],"wp:attachment":[{"href":"https:\/\/gaspachitos.com\/eu\/wp-json\/wp\/v2\/media?parent=259731"}],"wp:term":[{"taxonomy":"pwb-brand","embeddable":true,"href":"https:\/\/gaspachitos.com\/eu\/wp-json\/wp\/v2\/pwb-brand?post=259731"},{"taxonomy":"product_brand","embeddable":true,"href":"https:\/\/gaspachitos.com\/eu\/wp-json\/wp\/v2\/product_brand?post=259731"},{"taxonomy":"product_cat","embeddable":true,"href":"https:\/\/gaspachitos.com\/eu\/wp-json\/wp\/v2\/product_cat?post=259731"},{"taxonomy":"product_tag","embeddable":true,"href":"https:\/\/gaspachitos.com\/eu\/wp-json\/wp\/v2\/product_tag?post=259731"}],"curies":[{"name":"wp","href":"https:\/\/api.w.org\/{rel}","templated":true}]}}

BABYBJÖRN Mochila Porta Bebé Mini, 3D Jersey, Gris claro

</p>
<div id="productOverview_feature_div" class="celwidget">
<div class="a-section a-spacing-small a-spacing-top-small">
<table class="a-normal a-spacing-micro">
<tbody>
<tr class="a-spacing-small">
<td class="a-span3"><span class="a-size-base a-text-bold">Color</span></td>
<td class="a-span9"><span class="a-size-base">Gris Claro</span></td>
</tr>
<tr class="a-spacing-small">
<td class="a-span3"><span class="a-size-base a-text-bold">Marca</span></td>
<td class="a-span9"><span class="a-size-base">BabyBjörn</span></td>
</tr>
<tr class="a-spacing-small">
<td class="a-span3"><span class="a-size-base a-text-bold">Tipo de correa</span></td>
<td class="a-span9"><span class="a-size-base">Correa para el hombro</span></td>
</tr>
<tr class="a-spacing-small">
<td class="a-span3"><span class="a-size-base a-text-bold">Peso mínimo recomendado</span></td>
<td class="a-span9"><span class="a-size-base">3.2 Kilogramos</span></td>
</tr>
<tr class="a-spacing-small">
<td class="a-span3"><span class="a-size-base a-text-bold">Peso máximo recomendado</span></td>
<td class="a-span9"><span class="a-size-base">11 Kilogramos</span></td>
</tr>
</tbody>
</table></div>
</p></div>
<div id="featurebullets_feature_div" class="celwidget">
<div id="feature-bullets" class="a-section a-spacing-medium a-spacing-top-small">
<hr />
<h1 class="a-size-base-plus a-text-bold">Acerca de este producto</h1>
<ul class="a-unordered-list a-vertical a-spacing-mini">
<li><span class="a-list-item">Mochila porta bebé ideal para el recién nacido</span></li>
<li><span class="a-list-item">Pequeña y fácil de poner y quitar</span></li>
<li><span class="a-list-item">Suave y flexible</span></li>
<li><span class="a-list-item">Hacia adentro o hacia adelante sobre el pecho</span></li>
<li><span class="a-list-item">Testado y seguro desde el nacimiento hasta los 12 meses</span></li>
</ul></div>
</p></div>
</p>
<p>SUJETO A DISPONIBILIDAD</p>

<p><span>BABYBJÖRN Mochila Porta Bebé Mini, 3D Jersey, Gris claro.</span></p>

<!-- This site is optimized with the Yoast SEO plugin v27.5 - https://yoast.com/product/yoast-seo-wordpress/ -->
<title>Comprar Mochila Porta Bebé ORIGINAL de BABYBJÖRN</title>
<meta name="description" content="Comprar el Mochila Porta Bebé ORIGINAL de BABYBJÖRN online o en nuestras tiendas Gaspachitos de Palencia, Valladolid o Cantabria" />
<meta name="robots" content="index, follow, max-snippet:-1, max-image-preview:large, max-video-preview:-1" />
<link rel="canonical" href="https://gaspachitos.com/producto/mochila-porta-bebe-original-de-babybjoern/" />
<meta property="og:locale" content="eu_ES" />
<meta property="og:type" content="article" />
<meta property="og:title" content="Comprar Mochila Porta Bebé ORIGINAL de BABYBJÖRN" />
<meta property="og:description" content="Comprar el Mochila Porta Bebé ORIGINAL de BABYBJÖRN online o en nuestras tiendas Gaspachitos de Palencia, Valladolid o Cantabria" />
<meta property="og:url" content="https://gaspachitos.com/producto/mochila-porta-bebe-original-de-babybjoern/" />
<meta property="og:site_name" content="Gaspachitos" />
<meta property="og:image" content="https://gaspachitos.com/wp-content/uploads/2013/05/10539-thickbox_default-Mochila-Porta-Bebe-Original-Negro-Algodon-de-BABYBJORN.jpg" />
	<meta property="og:image:width" content="800" />
	<meta property="og:image:height" content="800" />
	<meta property="og:image:type" content="image/jpeg" />
<meta name="twitter:card" content="summary_large_image" />
<script type="application/ld+json" class="yoast-schema-graph">{"@context":"https:\/\/schema.org","@graph":[{"@type":"WebPage","@id":"https:\/\/gaspachitos.com\/producto\/mochila-porta-bebe-original-de-babybjoern\/","url":"https:\/\/gaspachitos.com\/producto\/mochila-porta-bebe-original-de-babybjoern\/","name":"Comprar Mochila Porta Bebé ORIGINAL de BABYBJÖRN","isPartOf":{"@id":"https:\/\/gaspachitos.com\/#website"},"primaryImageOfPage":{"@id":"https:\/\/gaspachitos.com\/producto\/mochila-porta-bebe-original-de-babybjoern\/#primaryimage"},"image":{"@id":"https:\/\/gaspachitos.com\/producto\/mochila-porta-bebe-original-de-babybjoern\/#primaryimage"},"thumbnailUrl":"https:\/\/gaspachitos.com\/wp-content\/uploads\/2013\/05\/10539-thickbox_default-Mochila-Porta-Bebe-Original-Algodon-de-BABYBJORN.jpg","datePublished":"2013-05-17T17:16:00+00:00","description":"Comprar el Mochila Porta Bebé ORIGINAL de BABYBJÖRN online o en nuestras tiendas Gaspachitos de Palencia, Valladolid o Cantabria","breadcrumb":{"@id":"https:\/\/gaspachitos.com\/producto\/mochila-porta-bebe-original-de-babybjoern\/#breadcrumb"},"inLanguage":"eu-ES","potentialAction":[{"@type":"ReadAction","target":["https:\/\/gaspachitos.com\/producto\/mochila-porta-bebe-original-de-babybjoern\/"]}]},{"@type":"ImageObject","inLanguage":"eu-ES","@id":"https:\/\/gaspachitos.com\/producto\/mochila-porta-bebe-original-de-babybjoern\/#primaryimage","url":"https:\/\/gaspachitos.com\/wp-content\/uploads\/2013\/05\/10539-thickbox_default-Mochila-Porta-Bebe-Original-Algodon-de-BABYBJORN.jpg","contentUrl":"https:\/\/gaspachitos.com\/wp-content\/uploads\/2013\/05\/10539-thickbox_default-Mochila-Porta-Bebe-Original-Algodon-de-BABYBJORN.jpg","width":800,"height":800},{"@type":"BreadcrumbList","@id":"https:\/\/gaspachitos.com\/producto\/mochila-porta-bebe-original-de-babybjoern\/#breadcrumb","itemListElement":[{"@type":"ListItem","position":1,"name":"Portada","item":"https:\/\/gaspachitos.com\/"},{"@type":"ListItem","position":2,"name":"Produtos","item":"https:\/\/gaspachitos.com\/gl\/shop\/"},{"@type":"ListItem","position":3,"name":"BABYBJÖRN Mochila Porta Bebé Mini, 3D Jersey, Gris claro"}]},{"@type":"WebSite","@id":"https:\/\/gaspachitos.com\/#website","url":"https:\/\/gaspachitos.com\/","name":"Gaspachitos","description":"La tienda para tu bebé: cochecitos, sillas de paseo, cunas...","potentialAction":[{"@type":"SearchAction","target":{"@type":"EntryPoint","urlTemplate":"https:\/\/gaspachitos.com\/?s={search_term_string}"},"query-input":{"@type":"PropertyValueSpecification","valueRequired":true,"valueName":"search_term_string"}}],"inLanguage":"eu-ES"}]}</script>
<!-- / Yoast SEO plugin. -->

Comprar Mochila Porta Bebé ORIGINAL de BABYBJÖRN

Comprar el Mochila Porta Bebé ORIGINAL de BABYBJÖRN online o en nuestras tiendas Gaspachitos de Palencia, Valladolid o Cantabria

La tienda para tu bebé: cochecitos, sillas de paseo, cunas...

Babybjörn
