{"id":263537,"date":"2022-11-17T13:02:01","date_gmt":"2022-11-17T11:02:01","guid":{"rendered":"https:\/\/nueva.gaspachitos.com\/producto\/el-movil-de-cuna-clasico-se-suma-al-diseno-de-into-the-forest-un-nuevo-giro-evolutivo\/"},"modified":"2022-11-17T13:02:01","modified_gmt":"2022-11-17T11:02:01","slug":"el-movil-de-cuna-clasico-se-suma-al-diseno-de-into-the-forest-un-nuevo-giro-evolutivo","status":"publish","type":"product","link":"https:\/\/gaspachitos.com\/ca\/producto\/el-movil-de-cuna-clasico-se-suma-al-diseno-de-into-the-forest-un-nuevo-giro-evolutivo\/","title":{"rendered":"El m\u00f3vil de cuna cl\u00e1sico se suma al dise\u00f1o de Into the Forest\u2122. !Un nuevo giro evolutivo!"},"content":{"rendered":"","protected":false},"excerpt":{"rendered":"","protected":false},"featured_media":278006,"comment_status":"open","ping_status":"closed","template":"","meta":{"_et_pb_use_builder":"","_et_pb_old_content":"","_et_gb_content_width":""},"pwb-brand":[],"product_brand":[],"product_cat":[5849,6524],"product_tag":[],"class_list":{"0":"post-263537","1":"product","2":"type-product","3":"status-publish","4":"has-post-thumbnail","6":"product_cat-juguetes-ca","7":"product_cat-moviles-de-cuna-ca","9":"first","10":"instock","11":"taxable","12":"shipping-taxable","13":"purchasable","14":"product-type-simple"},"yoast_head":"<!-- This site is optimized with the Yoast SEO plugin v27.4 - https:\/\/yoast.com\/product\/yoast-seo-wordpress\/ -->\n<title>El m\u00f3vil de cuna cl\u00e1sico se suma al dise\u00f1o de Into the Forest\u2122. !Un nuevo giro evolutivo! - Gaspachitos<\/title>\n<meta name=\"robots\" content=\"index, follow, max-snippet:-1, max-image-preview:large, max-video-preview:-1\" \/>\n<link rel=\"canonical\" href=\"https:\/\/gaspachitos.com\/producto\/el-movil-de-cuna-clasico-se-suma-al-diseno-de-into-the-forest-un-nuevo-giro-evolutivo\/\" \/>\n<meta property=\"og:locale\" content=\"ca_ES\" \/>\n<meta property=\"og:type\" content=\"article\" \/>\n<meta property=\"og:title\" content=\"El m\u00f3vil de cuna cl\u00e1sico se suma al dise\u00f1o de Into the Forest\u2122. !Un nuevo giro evolutivo! - Gaspachitos\" \/>\n<meta property=\"og:url\" content=\"https:\/\/gaspachitos.com\/producto\/el-movil-de-cuna-clasico-se-suma-al-diseno-de-into-the-forest-un-nuevo-giro-evolutivo\/\" \/>\n<meta property=\"og:site_name\" content=\"Gaspachitos\" \/>\n<meta property=\"og:image\" content=\"https:\/\/gaspachitos.com\/wp-content\/uploads\/2022\/11\/10887-thickbox_default-El-movil-de-cuna-clasico-se-suma-al-diseno-de-Into-the-Forest\u2122.-Un-nuevo-giro-evolutivo.jpg\" \/>\n\t<meta property=\"og:image:width\" content=\"800\" \/>\n\t<meta property=\"og:image:height\" content=\"800\" \/>\n\t<meta property=\"og:image:type\" content=\"image\/jpeg\" \/>\n<meta name=\"twitter:card\" content=\"summary_large_image\" \/>\n<script type=\"application\/ld+json\" class=\"yoast-schema-graph\">{\"@context\":\"https:\\\/\\\/schema.org\",\"@graph\":[{\"@type\":\"WebPage\",\"@id\":\"https:\\\/\\\/gaspachitos.com\\\/producto\\\/el-movil-de-cuna-clasico-se-suma-al-diseno-de-into-the-forest-un-nuevo-giro-evolutivo\\\/\",\"url\":\"https:\\\/\\\/gaspachitos.com\\\/producto\\\/el-movil-de-cuna-clasico-se-suma-al-diseno-de-into-the-forest-un-nuevo-giro-evolutivo\\\/\",\"name\":\"El m\u00f3vil de cuna cl\u00e1sico se suma al dise\u00f1o de Into the Forest\u2122. !Un nuevo giro evolutivo! - Gaspachitos\",\"isPartOf\":{\"@id\":\"https:\\\/\\\/gaspachitos.com\\\/#website\"},\"primaryImageOfPage\":{\"@id\":\"https:\\\/\\\/gaspachitos.com\\\/producto\\\/el-movil-de-cuna-clasico-se-suma-al-diseno-de-into-the-forest-un-nuevo-giro-evolutivo\\\/#primaryimage\"},\"image\":{\"@id\":\"https:\\\/\\\/gaspachitos.com\\\/producto\\\/el-movil-de-cuna-clasico-se-suma-al-diseno-de-into-the-forest-un-nuevo-giro-evolutivo\\\/#primaryimage\"},\"thumbnailUrl\":\"https:\\\/\\\/gaspachitos.com\\\/wp-content\\\/uploads\\\/2022\\\/11\\\/carrusel-into-the-forest.jpg\",\"datePublished\":\"2022-11-17T11:02:01+00:00\",\"breadcrumb\":{\"@id\":\"https:\\\/\\\/gaspachitos.com\\\/producto\\\/el-movil-de-cuna-clasico-se-suma-al-diseno-de-into-the-forest-un-nuevo-giro-evolutivo\\\/#breadcrumb\"},\"inLanguage\":\"ca\",\"potentialAction\":[{\"@type\":\"ReadAction\",\"target\":[\"https:\\\/\\\/gaspachitos.com\\\/producto\\\/el-movil-de-cuna-clasico-se-suma-al-diseno-de-into-the-forest-un-nuevo-giro-evolutivo\\\/\"]}]},{\"@type\":\"ImageObject\",\"inLanguage\":\"ca\",\"@id\":\"https:\\\/\\\/gaspachitos.com\\\/producto\\\/el-movil-de-cuna-clasico-se-suma-al-diseno-de-into-the-forest-un-nuevo-giro-evolutivo\\\/#primaryimage\",\"url\":\"https:\\\/\\\/gaspachitos.com\\\/wp-content\\\/uploads\\\/2022\\\/11\\\/carrusel-into-the-forest.jpg\",\"contentUrl\":\"https:\\\/\\\/gaspachitos.com\\\/wp-content\\\/uploads\\\/2022\\\/11\\\/carrusel-into-the-forest.jpg\",\"width\":640,\"height\":640},{\"@type\":\"BreadcrumbList\",\"@id\":\"https:\\\/\\\/gaspachitos.com\\\/producto\\\/el-movil-de-cuna-clasico-se-suma-al-diseno-de-into-the-forest-un-nuevo-giro-evolutivo\\\/#breadcrumb\",\"itemListElement\":[{\"@type\":\"ListItem\",\"position\":1,\"name\":\"Portada\",\"item\":\"https:\\\/\\\/gaspachitos.com\\\/\"},{\"@type\":\"ListItem\",\"position\":2,\"name\":\"Produtos\",\"item\":\"https:\\\/\\\/gaspachitos.com\\\/gl\\\/shop\\\/\"},{\"@type\":\"ListItem\",\"position\":3,\"name\":\"El m\u00f3vil de cuna cl\u00e1sico se suma al dise\u00f1o de Into the Forest\u2122. !Un nuevo giro evolutivo!\"}]},{\"@type\":\"WebSite\",\"@id\":\"https:\\\/\\\/gaspachitos.com\\\/#website\",\"url\":\"https:\\\/\\\/gaspachitos.com\\\/\",\"name\":\"Gaspachitos\",\"description\":\"La tienda para tu beb\u00e9: cochecitos, sillas de paseo, cunas...\",\"potentialAction\":[{\"@type\":\"SearchAction\",\"target\":{\"@type\":\"EntryPoint\",\"urlTemplate\":\"https:\\\/\\\/gaspachitos.com\\\/?s={search_term_string}\"},\"query-input\":{\"@type\":\"PropertyValueSpecification\",\"valueRequired\":true,\"valueName\":\"search_term_string\"}}],\"inLanguage\":\"ca\"}]}<\/script>\n<!-- \/ Yoast SEO plugin. -->","yoast_head_json":{"title":"El m\u00f3vil de cuna cl\u00e1sico se suma al dise\u00f1o de Into the Forest\u2122. !Un nuevo giro evolutivo! - Gaspachitos","robots":{"index":"index","follow":"follow","max-snippet":"max-snippet:-1","max-image-preview":"max-image-preview:large","max-video-preview":"max-video-preview:-1"},"canonical":"https:\/\/gaspachitos.com\/producto\/el-movil-de-cuna-clasico-se-suma-al-diseno-de-into-the-forest-un-nuevo-giro-evolutivo\/","og_locale":"ca_ES","og_type":"article","og_title":"El m\u00f3vil de cuna cl\u00e1sico se suma al dise\u00f1o de Into the Forest\u2122. !Un nuevo giro evolutivo! - Gaspachitos","og_url":"https:\/\/gaspachitos.com\/producto\/el-movil-de-cuna-clasico-se-suma-al-diseno-de-into-the-forest-un-nuevo-giro-evolutivo\/","og_site_name":"Gaspachitos","og_image":[{"width":800,"height":800,"url":"https:\/\/gaspachitos.com\/wp-content\/uploads\/2022\/11\/10887-thickbox_default-El-movil-de-cuna-clasico-se-suma-al-diseno-de-Into-the-Forest\u2122.-Un-nuevo-giro-evolutivo.jpg","type":"image\/jpeg"}],"twitter_card":"summary_large_image","schema":{"@context":"https:\/\/schema.org","@graph":[{"@type":"WebPage","@id":"https:\/\/gaspachitos.com\/producto\/el-movil-de-cuna-clasico-se-suma-al-diseno-de-into-the-forest-un-nuevo-giro-evolutivo\/","url":"https:\/\/gaspachitos.com\/producto\/el-movil-de-cuna-clasico-se-suma-al-diseno-de-into-the-forest-un-nuevo-giro-evolutivo\/","name":"El m\u00f3vil de cuna cl\u00e1sico se suma al dise\u00f1o de Into the Forest\u2122. !Un nuevo giro evolutivo! - Gaspachitos","isPartOf":{"@id":"https:\/\/gaspachitos.com\/#website"},"primaryImageOfPage":{"@id":"https:\/\/gaspachitos.com\/producto\/el-movil-de-cuna-clasico-se-suma-al-diseno-de-into-the-forest-un-nuevo-giro-evolutivo\/#primaryimage"},"image":{"@id":"https:\/\/gaspachitos.com\/producto\/el-movil-de-cuna-clasico-se-suma-al-diseno-de-into-the-forest-un-nuevo-giro-evolutivo\/#primaryimage"},"thumbnailUrl":"https:\/\/gaspachitos.com\/wp-content\/uploads\/2022\/11\/carrusel-into-the-forest.jpg","datePublished":"2022-11-17T11:02:01+00:00","breadcrumb":{"@id":"https:\/\/gaspachitos.com\/producto\/el-movil-de-cuna-clasico-se-suma-al-diseno-de-into-the-forest-un-nuevo-giro-evolutivo\/#breadcrumb"},"inLanguage":"ca","potentialAction":[{"@type":"ReadAction","target":["https:\/\/gaspachitos.com\/producto\/el-movil-de-cuna-clasico-se-suma-al-diseno-de-into-the-forest-un-nuevo-giro-evolutivo\/"]}]},{"@type":"ImageObject","inLanguage":"ca","@id":"https:\/\/gaspachitos.com\/producto\/el-movil-de-cuna-clasico-se-suma-al-diseno-de-into-the-forest-un-nuevo-giro-evolutivo\/#primaryimage","url":"https:\/\/gaspachitos.com\/wp-content\/uploads\/2022\/11\/carrusel-into-the-forest.jpg","contentUrl":"https:\/\/gaspachitos.com\/wp-content\/uploads\/2022\/11\/carrusel-into-the-forest.jpg","width":640,"height":640},{"@type":"BreadcrumbList","@id":"https:\/\/gaspachitos.com\/producto\/el-movil-de-cuna-clasico-se-suma-al-diseno-de-into-the-forest-un-nuevo-giro-evolutivo\/#breadcrumb","itemListElement":[{"@type":"ListItem","position":1,"name":"Portada","item":"https:\/\/gaspachitos.com\/"},{"@type":"ListItem","position":2,"name":"Produtos","item":"https:\/\/gaspachitos.com\/gl\/shop\/"},{"@type":"ListItem","position":3,"name":"El m\u00f3vil de cuna cl\u00e1sico se suma al dise\u00f1o de Into the Forest\u2122. !Un nuevo giro evolutivo!"}]},{"@type":"WebSite","@id":"https:\/\/gaspachitos.com\/#website","url":"https:\/\/gaspachitos.com\/","name":"Gaspachitos","description":"La tienda para tu beb\u00e9: cochecitos, sillas de paseo, cunas...","potentialAction":[{"@type":"SearchAction","target":{"@type":"EntryPoint","urlTemplate":"https:\/\/gaspachitos.com\/?s={search_term_string}"},"query-input":{"@type":"PropertyValueSpecification","valueRequired":true,"valueName":"search_term_string"}}],"inLanguage":"ca"}]}},"brands":[],"_links":{"self":[{"href":"https:\/\/gaspachitos.com\/ca\/wp-json\/wp\/v2\/product\/263537","targetHints":{"allow":["GET"]}}],"collection":[{"href":"https:\/\/gaspachitos.com\/ca\/wp-json\/wp\/v2\/product"}],"about":[{"href":"https:\/\/gaspachitos.com\/ca\/wp-json\/wp\/v2\/types\/product"}],"replies":[{"embeddable":true,"href":"https:\/\/gaspachitos.com\/ca\/wp-json\/wp\/v2\/comments?post=263537"}],"wp:featuredmedia":[{"embeddable":true,"href":"https:\/\/gaspachitos.com\/ca\/wp-json\/wp\/v2\/media\/278006"}],"wp:attachment":[{"href":"https:\/\/gaspachitos.com\/ca\/wp-json\/wp\/v2\/media?parent=263537"}],"wp:term":[{"taxonomy":"pwb-brand","embeddable":true,"href":"https:\/\/gaspachitos.com\/ca\/wp-json\/wp\/v2\/pwb-brand?post=263537"},{"taxonomy":"product_brand","embeddable":true,"href":"https:\/\/gaspachitos.com\/ca\/wp-json\/wp\/v2\/product_brand?post=263537"},{"taxonomy":"product_cat","embeddable":true,"href":"https:\/\/gaspachitos.com\/ca\/wp-json\/wp\/v2\/product_cat?post=263537"},{"taxonomy":"product_tag","embeddable":true,"href":"https:\/\/gaspachitos.com\/ca\/wp-json\/wp\/v2\/product_tag?post=263537"}],"curies":[{"name":"wp","href":"https:\/\/api.w.org\/{rel}","templated":true}]}}

El móvil de cuna clásico se suma al diseño de Into the Forest™. !Un nuevo giro evolutivo!

<!-- This site is optimized with the Yoast SEO plugin v27.4 - https://yoast.com/product/yoast-seo-wordpress/ -->
<title>El móvil de cuna clásico se suma al diseño de Into the Forest™. !Un nuevo giro evolutivo! - Gaspachitos</title>
<meta name="robots" content="index, follow, max-snippet:-1, max-image-preview:large, max-video-preview:-1" />
<link rel="canonical" href="https://gaspachitos.com/producto/el-movil-de-cuna-clasico-se-suma-al-diseno-de-into-the-forest-un-nuevo-giro-evolutivo/" />
<meta property="og:locale" content="ca_ES" />
<meta property="og:type" content="article" />
<meta property="og:title" content="El móvil de cuna clásico se suma al diseño de Into the Forest™. !Un nuevo giro evolutivo! - Gaspachitos" />
<meta property="og:url" content="https://gaspachitos.com/producto/el-movil-de-cuna-clasico-se-suma-al-diseno-de-into-the-forest-un-nuevo-giro-evolutivo/" />
<meta property="og:site_name" content="Gaspachitos" />
<meta property="og:image" content="https://gaspachitos.com/wp-content/uploads/2022/11/10887-thickbox_default-El-movil-de-cuna-clasico-se-suma-al-diseno-de-Into-the-Forest™.-Un-nuevo-giro-evolutivo.jpg" />
	<meta property="og:image:width" content="800" />
	<meta property="og:image:height" content="800" />
	<meta property="og:image:type" content="image/jpeg" />
<meta name="twitter:card" content="summary_large_image" />
<script type="application/ld+json" class="yoast-schema-graph">{"@context":"https:\/\/schema.org","@graph":[{"@type":"WebPage","@id":"https:\/\/gaspachitos.com\/producto\/el-movil-de-cuna-clasico-se-suma-al-diseno-de-into-the-forest-un-nuevo-giro-evolutivo\/","url":"https:\/\/gaspachitos.com\/producto\/el-movil-de-cuna-clasico-se-suma-al-diseno-de-into-the-forest-un-nuevo-giro-evolutivo\/","name":"El móvil de cuna clásico se suma al diseño de Into the Forest™. !Un nuevo giro evolutivo! - Gaspachitos","isPartOf":{"@id":"https:\/\/gaspachitos.com\/#website"},"primaryImageOfPage":{"@id":"https:\/\/gaspachitos.com\/producto\/el-movil-de-cuna-clasico-se-suma-al-diseno-de-into-the-forest-un-nuevo-giro-evolutivo\/#primaryimage"},"image":{"@id":"https:\/\/gaspachitos.com\/producto\/el-movil-de-cuna-clasico-se-suma-al-diseno-de-into-the-forest-un-nuevo-giro-evolutivo\/#primaryimage"},"thumbnailUrl":"https:\/\/gaspachitos.com\/wp-content\/uploads\/2022\/11\/carrusel-into-the-forest.jpg","datePublished":"2022-11-17T11:02:01+00:00","breadcrumb":{"@id":"https:\/\/gaspachitos.com\/producto\/el-movil-de-cuna-clasico-se-suma-al-diseno-de-into-the-forest-un-nuevo-giro-evolutivo\/#breadcrumb"},"inLanguage":"ca","potentialAction":[{"@type":"ReadAction","target":["https:\/\/gaspachitos.com\/producto\/el-movil-de-cuna-clasico-se-suma-al-diseno-de-into-the-forest-un-nuevo-giro-evolutivo\/"]}]},{"@type":"ImageObject","inLanguage":"ca","@id":"https:\/\/gaspachitos.com\/producto\/el-movil-de-cuna-clasico-se-suma-al-diseno-de-into-the-forest-un-nuevo-giro-evolutivo\/#primaryimage","url":"https:\/\/gaspachitos.com\/wp-content\/uploads\/2022\/11\/carrusel-into-the-forest.jpg","contentUrl":"https:\/\/gaspachitos.com\/wp-content\/uploads\/2022\/11\/carrusel-into-the-forest.jpg","width":640,"height":640},{"@type":"BreadcrumbList","@id":"https:\/\/gaspachitos.com\/producto\/el-movil-de-cuna-clasico-se-suma-al-diseno-de-into-the-forest-un-nuevo-giro-evolutivo\/#breadcrumb","itemListElement":[{"@type":"ListItem","position":1,"name":"Portada","item":"https:\/\/gaspachitos.com\/"},{"@type":"ListItem","position":2,"name":"Produtos","item":"https:\/\/gaspachitos.com\/gl\/shop\/"},{"@type":"ListItem","position":3,"name":"El móvil de cuna clásico se suma al diseño de Into the Forest™. !Un nuevo giro evolutivo!"}]},{"@type":"WebSite","@id":"https:\/\/gaspachitos.com\/#website","url":"https:\/\/gaspachitos.com\/","name":"Gaspachitos","description":"La tienda para tu bebé: cochecitos, sillas de paseo, cunas...","potentialAction":[{"@type":"SearchAction","target":{"@type":"EntryPoint","urlTemplate":"https:\/\/gaspachitos.com\/?s={search_term_string}"},"query-input":{"@type":"PropertyValueSpecification","valueRequired":true,"valueName":"search_term_string"}}],"inLanguage":"ca"}]}</script>
<!-- / Yoast SEO plugin. -->

El móvil de cuna clásico se suma al diseño de Into the Forest™. !Un nuevo giro evolutivo! - Gaspachitos

La tienda para tu bebé: cochecitos, sillas de paseo, cunas...
